{"version":"1.0","provider_name":"Extracto Memoria Sostenibilidad | Corporaci\u00f3n GPF","provider_url":"https:\/\/www.corporaciongpf.com\/memoria-sostenibilidad","author_name":"GpfAdmN","author_url":"https:\/\/www.corporaciongpf.com\/memoria-sostenibilidad\/author\/gpfadmn\/","title":"Nuestra Gente - Extracto Memoria Sostenibilidad | Corporaci\u00f3n GPF","type":"rich","width":600,"height":338,"html":"<blockquote class=\"wp-embedded-content\" data-secret=\"9wqZgEh66w\"><a href=\"https:\/\/www.corporaciongpf.com\/memoria-sostenibilidad\/memoria-sostenibilidad-2021\/nuestra-gente\/\">Nuestra Gente<\/a><\/blockquote><iframe sandbox=\"allow-scripts\" security=\"restricted\" src=\"https:\/\/www.corporaciongpf.com\/memoria-sostenibilidad\/memoria-sostenibilidad-2021\/nuestra-gente\/embed\/#?secret=9wqZgEh66w\" width=\"600\" height=\"338\" title=\"\u00abNuestra Gente\u00bb \u2014 Extracto Memoria Sostenibilidad | Corporaci\u00f3n GPF\" data-secret=\"9wqZgEh66w\" frameborder=\"0\" marginwidth=\"0\" marginheight=\"0\" scrolling=\"no\" class=\"wp-embedded-content\"><\/iframe><script type=\"text\/javascript\">\n\/* <![CDATA[ *\/\n\/*! This file is auto-generated *\/\n!function(d,l){\"use strict\";l.querySelector&&d.addEventListener&&\"undefined\"!=typeof URL&&(d.wp=d.wp||{},d.wp.receiveEmbedMessage||(d.wp.receiveEmbedMessage=function(e){var t=e.data;if((t||t.secret||t.message||t.value)&&!\/[^a-zA-Z0-9]\/.test(t.secret)){for(var s,r,n,a=l.querySelectorAll('iframe[data-secret=\"'+t.secret+'\"]'),o=l.querySelectorAll('blockquote[data-secret=\"'+t.secret+'\"]'),c=new RegExp(\"^https?:$\",\"i\"),i=0;i<o.length;i++)o[i].style.display=\"none\";for(i=0;i<a.length;i++)s=a[i],e.source===s.contentWindow&&(s.removeAttribute(\"style\"),\"height\"===t.message?(1e3<(r=parseInt(t.value,10))?r=1e3:~~r<200&&(r=200),s.height=r):\"link\"===t.message&&(r=new URL(s.getAttribute(\"src\")),n=new URL(t.value),c.test(n.protocol))&&n.host===r.host&&l.activeElement===s&&(d.top.location.href=t.value))}},d.addEventListener(\"message\",d.wp.receiveEmbedMessage,!1),l.addEventListener(\"DOMContentLoaded\",function(){for(var e,t,s=l.querySelectorAll(\"iframe.wp-embedded-content\"),r=0;r<s.length;r++)(t=(e=s[r]).getAttribute(\"data-secret\"))||(t=Math.random().toString(36).substring(2,12),e.src+=\"#?secret=\"+t,e.setAttribute(\"data-secret\",t)),e.contentWindow.postMessage({message:\"ready\",secret:t},\"*\")},!1)))}(window,document);\n\/* ]]> *\/\n<\/script>\n","description":"NUESTRA GENTE Corporaci\u00f3n GPF es un lugar atractivo para trabajar y crecer, donde el capital humano es considerado el activo m\u00e1s importante. Para la empresa, el desarrollo de talento involucra generar oportunidades con el prop\u00f3sito de que los colaboradores puedan avanzar dentro de la compa\u00f1\u00eda, cumplir sus metas, objetivos personales y organizacionales, a trav\u00e9s de..."}

Extracto Memoria Sostenibilidad | Corporación GPF

Nuestra Gente - Extracto Memoria Sostenibilidad | Corporación GPF

<blockquote class="wp-embedded-content" data-secret="9wqZgEh66w"><a href="https://www.corporaciongpf.com/memoria-sostenibilidad/memoria-sostenibilidad-2021/nuestra-gente/">Nuestra Gente</a></blockquote><iframe sandbox="allow-scripts" security="restricted" src="https://www.corporaciongpf.com/memoria-sostenibilidad/memoria-sostenibilidad-2021/nuestra-gente/embed/#?secret=9wqZgEh66w" width="600" height="338" title="«Nuestra Gente» — Extracto Memoria Sostenibilidad | Corporación GPF" data-secret="9wqZgEh66w" frameborder="0" marginwidth="0" marginheight="0" scrolling="no" class="wp-embedded-content"></iframe><script type="text/javascript">
/* <![CDATA[ */
/*! This file is auto-generated */
!function(d,l){"use strict";l.querySelector&&d.addEventListener&&"undefined"!=typeof URL&&(d.wp=d.wp||{},d.wp.receiveEmbedMessage||(d.wp.receiveEmbedMessage=function(e){var t=e.data;if((t||t.secret||t.message||t.value)&&!/[^a-zA-Z0-9]/.test(t.secret)){for(var s,r,n,a=l.querySelectorAll('iframe[data-secret="'+t.secret+'"]'),o=l.querySelectorAll('blockquote[data-secret="'+t.secret+'"]'),c=new RegExp("^https?:$","i"),i=0;i<o.length;i++)o[i].style.display="none";for(i=0;i<a.length;i++)s=a[i],e.source===s.contentWindow&&(s.removeAttribute("style"),"height"===t.message?(1e3<(r=parseInt(t.value,10))?r=1e3:~~r<200&&(r=200),s.height=r):"link"===t.message&&(r=new URL(s.getAttribute("src")),n=new URL(t.value),c.test(n.protocol))&&n.host===r.host&&l.activeElement===s&&(d.top.location.href=t.value))}},d.addEventListener("message",d.wp.receiveEmbedMessage,!1),l.addEventListener("DOMContentLoaded",function(){for(var e,t,s=l.querySelectorAll("iframe.wp-embedded-content"),r=0;r<s.length;r++)(t=(e=s[r]).getAttribute("data-secret"))||(t=Math.random().toString(36).substring(2,12),e.src+="#?secret="+t,e.setAttribute("data-secret",t)),e.contentWindow.postMessage({message:"ready",secret:t},"*")},!1)))}(window,document);
/* ]]> */
</script>

NUESTRA GENTE Corporación GPF es un lugar atractivo para trabajar y crecer, donde el capital humano es considerado el activo más importante. Para la empresa, el desarrollo de talento involucra generar oportunidades con el propósito de que los colaboradores puedan avanzar dentro de la compañía, cumplir sus metas, objetivos personales y organizacionales, a través de...
