{"id":1463,"date":"2017-10-05T21:23:19","date_gmt":"2017-10-05T21:23:19","guid":{"rendered":"https:\/\/www.corporaciongpf.com\/memoria-sostenibilidad\/?page_id=1463"},"modified":"2017-10-05T21:29:53","modified_gmt":"2017-10-05T21:29:53","slug":"mensaje-del-presidente-ejecutivo","status":"publish","type":"page","link":"https:\/\/www.corporaciongpf.com\/memoria-sostenibilidad\/mensaje-del-presidente-ejecutivo\/","title":{"rendered":"MENSAJE DEL PRESIDENTE EJECUTIVO"},"content":{"rendered":"<style type=\"text\/css\"> \n#cmsmasters_row_6a059f9d8ccf6 .cmsmasters_row_outer_parent { \n\tpadding-top: 0px; \n} \n\n#cmsmasters_row_6a059f9d8ccf6 .cmsmasters_row_outer_parent { \n\tpadding-bottom: 50px; \n} \n\n \n#cmsmasters_row_6a059f9d8cdc9 .cmsmasters_row_outer_parent { \n\tpadding-top: 0px; \n} \n\n#cmsmasters_row_6a059f9d8cdc9 .cmsmasters_row_outer_parent { \n\tpadding-bottom: 50px; \n} \n\n<\/style><div id=\"cmsmasters_row_6a059f9d8ccf6\" class=\"cmsmasters_row cmsmasters_color_scheme_default cmsmasters_row_top_default cmsmasters_row_bot_default cmsmasters_row_boxed\">\n<div class=\"cmsmasters_row_outer_parent\">\n<div class=\"cmsmasters_row_outer\">\n<div class=\"cmsmasters_row_inner\">\n<div class=\"cmsmasters_row_margin\">\n<div class=\"cmsmasters_column one_first\">\n<div class=\"cmsmasters_slider\"><\/div>\n<\/div>\n<\/div>\n<\/div>\n<\/div>\n<\/div>\n<\/div>\n<div id=\"cmsmasters_row_6a059f9d8cdc9\" class=\"cmsmasters_row cmsmasters_color_scheme_default cmsmasters_row_top_default cmsmasters_row_bot_default cmsmasters_row_boxed\">\n<div class=\"cmsmasters_row_outer_parent\">\n<div class=\"cmsmasters_row_outer\">\n<div class=\"cmsmasters_row_inner\">\n<div class=\"cmsmasters_row_margin\">\n<div class=\"cmsmasters_column one_third\">\n<div class=\"cmsmasters_text\">\n<h3>MENSAJE DEL PRESIDENTE EJECUTIVO<\/h3>\n<p style=\"text-align: justify;\">Estimados amigos:<\/p>\n<p style=\"text-align: justify;\">El 2016 fue un a\u00f1o de grandes desaf\u00edos y realizaciones para Corporaci\u00f3n GPF, ejecutando proyectos trascendentales para el futuro de la empresa en un ambiente econ\u00f3mico y pol\u00edtico adverso para el sector privado en el Ecuador. A pesar de las dificultades del entorno, nuestra Corporaci\u00f3n sostuvo sus objetivos de largo plazo en inversi\u00f3n y desarrollo; fiel a sus principios de mejoramiento continuo e innovaci\u00f3n en favor de sus clientes, colaboradores, socios estrat\u00e9gicos y el pa\u00eds.<\/p>\n<p style=\"text-align: justify;\">El pilar de innovaci\u00f3n en Corporaci\u00f3n GPF ha sido el proyecto denominado \u201cUn Mundo Vanguardista\u201d, con una inversi\u00f3n superior a los USD $50 millones de d\u00f3lares; el cual constituye uno de los m\u00e1s avanzados desarrollos dentro del retail ecuatoriano. Su eje es la transformaci\u00f3n tecnol\u00f3gica, incorporando software del m\u00e1s alto nivel en todos los procesos y actividades de la Corporaci\u00f3n y, de manera principal, en sistemas integrados de finanzas, planeaci\u00f3n y administraci\u00f3n de la cadena de suministros, gesti\u00f3n mercadot\u00e9cnica y distribuci\u00f3n log\u00edstica.<\/p>\n<p style=\"text-align: justify;\">En agosto de 2016, se puso en funcionamiento al 100% el Centro de Log\u00edstica Avanzada (CLA), en estricto cumplimiento con el presupuesto y cronograma de implementaci\u00f3n, que empez\u00f3 a ejecutarse a mediados de 2015; con lo cual se convirti\u00f3 en la primera operaci\u00f3n log\u00edstica automatizada en el Ecuador y una de las m\u00e1s sofisticadas de Am\u00e9rica Latina. Los colaboradores y clientes merecen especial gratitud por la comprensi\u00f3n y tolerancia que mostraron durante estos procesos de transformaci\u00f3n tecnol\u00f3gica que, inevitablemente, trajo tropiezos que perturbaron la atenci\u00f3n de excelencia que nos caracteriza.<\/p>\n<\/div>\n<\/div>\n<div class=\"cmsmasters_column one_third\">\n<div class=\"cmsmasters_text\">\n<p style=\"text-align: justify;\">El financiamiento de \u201cUn Mundo Vanguardista\u201d nos llev\u00f3 a suscribir una l\u00ednea de cr\u00e9dito por USD $30 millones de d\u00f3lares con la Corporaci\u00f3n Financiera Internacional (IFC), entidad miembro del Grupo del Banco Mundial. Corporaci\u00f3n GPF se convirti\u00f3 as\u00ed en parte del selecto grupo de compa\u00f1\u00edas ecuatorianas que ha accedido a cr\u00e9ditos del IFC, despu\u00e9s de una rigurosa evaluaci\u00f3n de sus pr\u00e1cticas de gobierno corporativo, relaci\u00f3n con los colaboradores y la comunidad, entre otros factores.<\/p>\n<p style=\"text-align: justify;\">En abril del 2016, Manab\u00ed y Esmeraldas sufrieron un devastador terremoto que requiri\u00f3 la solidaridad de los ecuatorianos. La empresa canaliz\u00f3 asistencia emergente a trav\u00e9s de su aliado, la Cruz Roja Ecuatoriana (CRE). Nuestras Unidades M\u00f3viles contabilizaron cerca de 13 mil atenciones m\u00e9dicas y odontol\u00f3gicas en comunidades rurales afectadas. Fuimos tambi\u00e9n el nexo entre la generosidad de nuestros clientes y las poblaciones afectadas, con la recaudaci\u00f3n de USD $84 mil d\u00f3lares para la construcci\u00f3n de bater\u00edas sanitarias ecol\u00f3gicas. Adicionalmente, la compa\u00f1\u00eda realiz\u00f3 un aporte de USD $500 mil al programa Re Emprende promovido por la Alianza para el Emprendimiento e Innovaci\u00f3n AEI, con el fin de apoyar a micro emprendedores de estas provincias que fueron afectados por el terremoto.<\/p>\n<p style=\"text-align: justify;\">La excelencia en el servicio, la innovaci\u00f3n y la solidaridad han sido valores gu\u00edas de Corporaci\u00f3n GPF que desde hace m\u00e1s de 87 a\u00f1os est\u00e1 convencida de que \u201cintegridad crea confianza\u201d. La presente Memoria es fiel reflejo de nuestra realidad, que sometemos a la consideraci\u00f3n de nuestros colaboradores, amigos y la sociedad ecuatoriana.<\/p>\n<\/div>\n<div class=\"aligncenter\">\n<div class=\"cmsmasters_img  cmsmasters_image_c\">\n<img decoding=\"async\" src=\"https:\/\/www.corporaciongpf.com\/memoria-sostenibilidad\/wp-content\/uploads\/2017\/09\/mensaje-corporacion-gpf.jpg\" alt=\"\" \/>\n<\/div>\n<\/div>\n<\/div>\n<div class=\"cmsmasters_column one_third\">\n<div class=\"aligncenter\">\n<div class=\"cmsmasters_img  cmsmasters_image_c\">\n<img decoding=\"async\" src=\"https:\/\/www.corporaciongpf.com\/memoria-sostenibilidad\/wp-content\/uploads\/2017\/09\/luis-enrique-coloma-2-corporacion-gpf.jpg\" alt=\"\" \/>\n<\/div>\n<\/div>\n<\/div>\n<\/div>\n<\/div>\n<\/div>\n<\/div>\n<\/div>\n\n","protected":false},"excerpt":{"rendered":"","protected":false},"author":1,"featured_media":0,"parent":0,"menu_order":0,"comment_status":"closed","ping_status":"closed","template":"","meta":{"footnotes":""},"class_list":["post-1463","page","type-page","status-publish","hentry"],"yoast_head":"<!-- This site is optimized with the Yoast SEO plugin v26.0 - https:\/\/yoast.com\/wordpress\/plugins\/seo\/ -->\n<title>MENSAJE DEL PRESIDENTE EJECUTIVO - Extracto Memoria Sostenibilidad | Corporaci\u00f3n GPF<\/title>\n<meta name=\"robots\" content=\"index, follow, max-snippet:-1, max-image-preview:large, max-video-preview:-1\" \/>\n<link rel=\"canonical\" href=\"https:\/\/www.corporaciongpf.com\/memoria-sostenibilidad\/mensaje-del-presidente-ejecutivo\/\" \/>\n<meta property=\"og:locale\" content=\"es_ES\" \/>\n<meta property=\"og:type\" content=\"article\" \/>\n<meta property=\"og:title\" content=\"MENSAJE DEL PRESIDENTE EJECUTIVO - Extracto Memoria Sostenibilidad | Corporaci\u00f3n GPF\" \/>\n<meta property=\"og:url\" content=\"https:\/\/www.corporaciongpf.com\/memoria-sostenibilidad\/mensaje-del-presidente-ejecutivo\/\" \/>\n<meta property=\"og:site_name\" content=\"Extracto Memoria Sostenibilidad | Corporaci\u00f3n GPF\" \/>\n<meta property=\"article:modified_time\" content=\"2017-10-05T21:29:53+00:00\" \/>\n<meta name=\"twitter:card\" content=\"summary_large_image\" \/>\n<meta name=\"twitter:label1\" content=\"Tiempo de lectura\" \/>\n\t<meta name=\"twitter:data1\" content=\"4 minutos\" \/>\n<script type=\"application\/ld+json\" class=\"yoast-schema-graph\">{\"@context\":\"https:\/\/schema.org\",\"@graph\":[{\"@type\":\"WebPage\",\"@id\":\"https:\/\/www.corporaciongpf.com\/memoria-sostenibilidad\/mensaje-del-presidente-ejecutivo\/\",\"url\":\"https:\/\/www.corporaciongpf.com\/memoria-sostenibilidad\/mensaje-del-presidente-ejecutivo\/\",\"name\":\"MENSAJE DEL PRESIDENTE EJECUTIVO - Extracto Memoria Sostenibilidad | Corporaci\u00f3n GPF\",\"isPartOf\":{\"@id\":\"https:\/\/www.corporaciongpf.com\/memoria-sostenibilidad\/#website\"},\"datePublished\":\"2017-10-05T21:23:19+00:00\",\"dateModified\":\"2017-10-05T21:29:53+00:00\",\"breadcrumb\":{\"@id\":\"https:\/\/www.corporaciongpf.com\/memoria-sostenibilidad\/mensaje-del-presidente-ejecutivo\/#breadcrumb\"},\"inLanguage\":\"es\",\"potentialAction\":[{\"@type\":\"ReadAction\",\"target\":[\"https:\/\/www.corporaciongpf.com\/memoria-sostenibilidad\/mensaje-del-presidente-ejecutivo\/\"]}]},{\"@type\":\"BreadcrumbList\",\"@id\":\"https:\/\/www.corporaciongpf.com\/memoria-sostenibilidad\/mensaje-del-presidente-ejecutivo\/#breadcrumb\",\"itemListElement\":[{\"@type\":\"ListItem\",\"position\":1,\"name\":\"Portada\",\"item\":\"https:\/\/www.corporaciongpf.com\/memoria-sostenibilidad\/\"},{\"@type\":\"ListItem\",\"position\":2,\"name\":\"MENSAJE DEL PRESIDENTE EJECUTIVO\"}]},{\"@type\":\"WebSite\",\"@id\":\"https:\/\/www.corporaciongpf.com\/memoria-sostenibilidad\/#website\",\"url\":\"https:\/\/www.corporaciongpf.com\/memoria-sostenibilidad\/\",\"name\":\"Extracto Memoria Sostenibilidad | Corporaci\u00f3n GPF\",\"description\":\"Este es un extracto de la sexta Memoria de Sostenibilidad consecutiva publicada por la compa\u00f1\u00eda\",\"potentialAction\":[{\"@type\":\"SearchAction\",\"target\":{\"@type\":\"EntryPoint\",\"urlTemplate\":\"https:\/\/www.corporaciongpf.com\/memoria-sostenibilidad\/?s={search_term_string}\"},\"query-input\":{\"@type\":\"PropertyValueSpecification\",\"valueRequired\":true,\"valueName\":\"search_term_string\"}}],\"inLanguage\":\"es\"}]}<\/script>\n<!-- \/ Yoast SEO plugin. -->","yoast_head_json":{"title":"MENSAJE DEL PRESIDENTE EJECUTIVO - Extracto Memoria Sostenibilidad | Corporaci\u00f3n GPF","robots":{"index":"index","follow":"follow","max-snippet":"max-snippet:-1","max-image-preview":"max-image-preview:large","max-video-preview":"max-video-preview:-1"},"canonical":"https:\/\/www.corporaciongpf.com\/memoria-sostenibilidad\/mensaje-del-presidente-ejecutivo\/","og_locale":"es_ES","og_type":"article","og_title":"MENSAJE DEL PRESIDENTE EJECUTIVO - Extracto Memoria Sostenibilidad | Corporaci\u00f3n GPF","og_url":"https:\/\/www.corporaciongpf.com\/memoria-sostenibilidad\/mensaje-del-presidente-ejecutivo\/","og_site_name":"Extracto Memoria Sostenibilidad | Corporaci\u00f3n GPF","article_modified_time":"2017-10-05T21:29:53+00:00","twitter_card":"summary_large_image","twitter_misc":{"Tiempo de lectura":"4 minutos"},"schema":{"@context":"https:\/\/schema.org","@graph":[{"@type":"WebPage","@id":"https:\/\/www.corporaciongpf.com\/memoria-sostenibilidad\/mensaje-del-presidente-ejecutivo\/","url":"https:\/\/www.corporaciongpf.com\/memoria-sostenibilidad\/mensaje-del-presidente-ejecutivo\/","name":"MENSAJE DEL PRESIDENTE EJECUTIVO - Extracto Memoria Sostenibilidad | Corporaci\u00f3n GPF","isPartOf":{"@id":"https:\/\/www.corporaciongpf.com\/memoria-sostenibilidad\/#website"},"datePublished":"2017-10-05T21:23:19+00:00","dateModified":"2017-10-05T21:29:53+00:00","breadcrumb":{"@id":"https:\/\/www.corporaciongpf.com\/memoria-sostenibilidad\/mensaje-del-presidente-ejecutivo\/#breadcrumb"},"inLanguage":"es","potentialAction":[{"@type":"ReadAction","target":["https:\/\/www.corporaciongpf.com\/memoria-sostenibilidad\/mensaje-del-presidente-ejecutivo\/"]}]},{"@type":"BreadcrumbList","@id":"https:\/\/www.corporaciongpf.com\/memoria-sostenibilidad\/mensaje-del-presidente-ejecutivo\/#breadcrumb","itemListElement":[{"@type":"ListItem","position":1,"name":"Portada","item":"https:\/\/www.corporaciongpf.com\/memoria-sostenibilidad\/"},{"@type":"ListItem","position":2,"name":"MENSAJE DEL PRESIDENTE EJECUTIVO"}]},{"@type":"WebSite","@id":"https:\/\/www.corporaciongpf.com\/memoria-sostenibilidad\/#website","url":"https:\/\/www.corporaciongpf.com\/memoria-sostenibilidad\/","name":"Extracto Memoria Sostenibilidad | Corporaci\u00f3n GPF","description":"Este es un extracto de la sexta Memoria de Sostenibilidad consecutiva publicada por la compa\u00f1\u00eda","potentialAction":[{"@type":"SearchAction","target":{"@type":"EntryPoint","urlTemplate":"https:\/\/www.corporaciongpf.com\/memoria-sostenibilidad\/?s={search_term_string}"},"query-input":{"@type":"PropertyValueSpecification","valueRequired":true,"valueName":"search_term_string"}}],"inLanguage":"es"}]}},"_links":{"self":[{"href":"https:\/\/www.corporaciongpf.com\/memoria-sostenibilidad\/wp-json\/wp\/v2\/pages\/1463","targetHints":{"allow":["GET"]}}],"collection":[{"href":"https:\/\/www.corporaciongpf.com\/memoria-sostenibilidad\/wp-json\/wp\/v2\/pages"}],"about":[{"href":"https:\/\/www.corporaciongpf.com\/memoria-sostenibilidad\/wp-json\/wp\/v2\/types\/page"}],"author":[{"embeddable":true,"href":"https:\/\/www.corporaciongpf.com\/memoria-sostenibilidad\/wp-json\/wp\/v2\/users\/1"}],"replies":[{"embeddable":true,"href":"https:\/\/www.corporaciongpf.com\/memoria-sostenibilidad\/wp-json\/wp\/v2\/comments?post=1463"}],"version-history":[{"count":2,"href":"https:\/\/www.corporaciongpf.com\/memoria-sostenibilidad\/wp-json\/wp\/v2\/pages\/1463\/revisions"}],"predecessor-version":[{"id":1466,"href":"https:\/\/www.corporaciongpf.com\/memoria-sostenibilidad\/wp-json\/wp\/v2\/pages\/1463\/revisions\/1466"}],"wp:attachment":[{"href":"https:\/\/www.corporaciongpf.com\/memoria-sostenibilidad\/wp-json\/wp\/v2\/media?parent=1463"}],"curies":[{"name":"wp","href":"https:\/\/api.w.org\/{rel}","templated":true}]}}