{"id":1588,"date":"2018-06-04T18:58:25","date_gmt":"2018-06-04T18:58:25","guid":{"rendered":"https:\/\/www.corporaciongpf.com\/memoria-sostenibilidad\/?page_id=1588"},"modified":"2018-06-11T21:30:58","modified_gmt":"2018-06-11T21:30:58","slug":"modelo-negocio-integrado-2017","status":"publish","type":"page","link":"https:\/\/www.corporaciongpf.com\/memoria-sostenibilidad\/modelo-negocio-integrado-2017\/","title":{"rendered":"Un Modelo de Negocio Integrado"},"content":{"rendered":"<style type=\"text\/css\"><\/style><div id=\"cs-content\" class=\"cs-content\"><\/div>\n","protected":false},"excerpt":{"rendered":"<p>LA EMPRESA GESTI\u00d3N RESPONSABLE DE CLIENTES CREACI\u00d3N DE VALOR COMPARTIDO UN MODELO DE NEGOCIO INTEGRADO DESEMPE\u00d1O SOCIO AMBIENTAL SOSTENIBLE GESTI\u00d3N LOG\u00cdSTICA INTEGRADA Y EFICIENTE El modelo de negocio de Corporaci\u00f3n GPF est\u00e1 orientado a ofrecer soluciones de salud innovadoras y de calidad a sus clientes y a la comunidad. Su operaci\u00f3n supone un hito dentro&#8230;<\/p>\n","protected":false},"author":1,"featured_media":0,"parent":0,"menu_order":0,"comment_status":"closed","ping_status":"closed","template":"","meta":{"footnotes":""},"class_list":["post-1588","page","type-page","status-publish","hentry"],"yoast_head":"<!-- This site is optimized with the Yoast SEO plugin v26.0 - https:\/\/yoast.com\/wordpress\/plugins\/seo\/ -->\n<title>Un Modelo de Negocio Integrado - Extracto Memoria Sostenibilidad | Corporaci\u00f3n GPF<\/title>\n<meta name=\"robots\" content=\"index, follow, max-snippet:-1, max-image-preview:large, max-video-preview:-1\" \/>\n<link rel=\"canonical\" href=\"https:\/\/www.corporaciongpf.com\/memoria-sostenibilidad\/modelo-negocio-integrado-2017\/\" \/>\n<meta property=\"og:locale\" content=\"es_ES\" \/>\n<meta property=\"og:type\" content=\"article\" \/>\n<meta property=\"og:title\" content=\"Un Modelo de Negocio Integrado - Extracto Memoria Sostenibilidad | Corporaci\u00f3n GPF\" \/>\n<meta property=\"og:description\" content=\"LA EMPRESA GESTI\u00d3N RESPONSABLE DE CLIENTES CREACI\u00d3N DE VALOR COMPARTIDO UN MODELO DE NEGOCIO INTEGRADO DESEMPE\u00d1O SOCIO AMBIENTAL SOSTENIBLE GESTI\u00d3N LOG\u00cdSTICA INTEGRADA Y EFICIENTE El modelo de negocio de Corporaci\u00f3n GPF est\u00e1 orientado a ofrecer soluciones de salud innovadoras y de calidad a sus clientes y a la comunidad. Su operaci\u00f3n supone un hito dentro...\" \/>\n<meta property=\"og:url\" content=\"https:\/\/www.corporaciongpf.com\/memoria-sostenibilidad\/modelo-negocio-integrado-2017\/\" \/>\n<meta property=\"og:site_name\" content=\"Extracto Memoria Sostenibilidad | Corporaci\u00f3n GPF\" \/>\n<meta property=\"article:modified_time\" content=\"2018-06-11T21:30:58+00:00\" \/>\n<meta name=\"twitter:card\" content=\"summary_large_image\" \/>\n<meta name=\"twitter:label1\" content=\"Tiempo de lectura\" \/>\n\t<meta name=\"twitter:data1\" content=\"5 minutos\" \/>\n<script type=\"application\/ld+json\" class=\"yoast-schema-graph\">{\"@context\":\"https:\/\/schema.org\",\"@graph\":[{\"@type\":\"WebPage\",\"@id\":\"https:\/\/www.corporaciongpf.com\/memoria-sostenibilidad\/modelo-negocio-integrado-2017\/\",\"url\":\"https:\/\/www.corporaciongpf.com\/memoria-sostenibilidad\/modelo-negocio-integrado-2017\/\",\"name\":\"Un Modelo de Negocio Integrado - Extracto Memoria Sostenibilidad | Corporaci\u00f3n GPF\",\"isPartOf\":{\"@id\":\"https:\/\/www.corporaciongpf.com\/memoria-sostenibilidad\/#website\"},\"datePublished\":\"2018-06-04T18:58:25+00:00\",\"dateModified\":\"2018-06-11T21:30:58+00:00\",\"breadcrumb\":{\"@id\":\"https:\/\/www.corporaciongpf.com\/memoria-sostenibilidad\/modelo-negocio-integrado-2017\/#breadcrumb\"},\"inLanguage\":\"es\",\"potentialAction\":[{\"@type\":\"ReadAction\",\"target\":[\"https:\/\/www.corporaciongpf.com\/memoria-sostenibilidad\/modelo-negocio-integrado-2017\/\"]}]},{\"@type\":\"BreadcrumbList\",\"@id\":\"https:\/\/www.corporaciongpf.com\/memoria-sostenibilidad\/modelo-negocio-integrado-2017\/#breadcrumb\",\"itemListElement\":[{\"@type\":\"ListItem\",\"position\":1,\"name\":\"Portada\",\"item\":\"https:\/\/www.corporaciongpf.com\/memoria-sostenibilidad\/\"},{\"@type\":\"ListItem\",\"position\":2,\"name\":\"Un Modelo de Negocio Integrado\"}]},{\"@type\":\"WebSite\",\"@id\":\"https:\/\/www.corporaciongpf.com\/memoria-sostenibilidad\/#website\",\"url\":\"https:\/\/www.corporaciongpf.com\/memoria-sostenibilidad\/\",\"name\":\"Extracto Memoria Sostenibilidad | Corporaci\u00f3n GPF\",\"description\":\"Este es un extracto de la sexta Memoria de Sostenibilidad consecutiva publicada por la compa\u00f1\u00eda\",\"potentialAction\":[{\"@type\":\"SearchAction\",\"target\":{\"@type\":\"EntryPoint\",\"urlTemplate\":\"https:\/\/www.corporaciongpf.com\/memoria-sostenibilidad\/?s={search_term_string}\"},\"query-input\":{\"@type\":\"PropertyValueSpecification\",\"valueRequired\":true,\"valueName\":\"search_term_string\"}}],\"inLanguage\":\"es\"}]}<\/script>\n<!-- \/ Yoast SEO plugin. -->","yoast_head_json":{"title":"Un Modelo de Negocio Integrado - Extracto Memoria Sostenibilidad | Corporaci\u00f3n GPF","robots":{"index":"index","follow":"follow","max-snippet":"max-snippet:-1","max-image-preview":"max-image-preview:large","max-video-preview":"max-video-preview:-1"},"canonical":"https:\/\/www.corporaciongpf.com\/memoria-sostenibilidad\/modelo-negocio-integrado-2017\/","og_locale":"es_ES","og_type":"article","og_title":"Un Modelo de Negocio Integrado - Extracto Memoria Sostenibilidad | Corporaci\u00f3n GPF","og_description":"LA EMPRESA GESTI\u00d3N RESPONSABLE DE CLIENTES CREACI\u00d3N DE VALOR COMPARTIDO UN MODELO DE NEGOCIO INTEGRADO DESEMPE\u00d1O SOCIO AMBIENTAL SOSTENIBLE GESTI\u00d3N LOG\u00cdSTICA INTEGRADA Y EFICIENTE El modelo de negocio de Corporaci\u00f3n GPF est\u00e1 orientado a ofrecer soluciones de salud innovadoras y de calidad a sus clientes y a la comunidad. Su operaci\u00f3n supone un hito dentro...","og_url":"https:\/\/www.corporaciongpf.com\/memoria-sostenibilidad\/modelo-negocio-integrado-2017\/","og_site_name":"Extracto Memoria Sostenibilidad | Corporaci\u00f3n GPF","article_modified_time":"2018-06-11T21:30:58+00:00","twitter_card":"summary_large_image","twitter_misc":{"Tiempo de lectura":"5 minutos"},"schema":{"@context":"https:\/\/schema.org","@graph":[{"@type":"WebPage","@id":"https:\/\/www.corporaciongpf.com\/memoria-sostenibilidad\/modelo-negocio-integrado-2017\/","url":"https:\/\/www.corporaciongpf.com\/memoria-sostenibilidad\/modelo-negocio-integrado-2017\/","name":"Un Modelo de Negocio Integrado - Extracto Memoria Sostenibilidad | Corporaci\u00f3n GPF","isPartOf":{"@id":"https:\/\/www.corporaciongpf.com\/memoria-sostenibilidad\/#website"},"datePublished":"2018-06-04T18:58:25+00:00","dateModified":"2018-06-11T21:30:58+00:00","breadcrumb":{"@id":"https:\/\/www.corporaciongpf.com\/memoria-sostenibilidad\/modelo-negocio-integrado-2017\/#breadcrumb"},"inLanguage":"es","potentialAction":[{"@type":"ReadAction","target":["https:\/\/www.corporaciongpf.com\/memoria-sostenibilidad\/modelo-negocio-integrado-2017\/"]}]},{"@type":"BreadcrumbList","@id":"https:\/\/www.corporaciongpf.com\/memoria-sostenibilidad\/modelo-negocio-integrado-2017\/#breadcrumb","itemListElement":[{"@type":"ListItem","position":1,"name":"Portada","item":"https:\/\/www.corporaciongpf.com\/memoria-sostenibilidad\/"},{"@type":"ListItem","position":2,"name":"Un Modelo de Negocio Integrado"}]},{"@type":"WebSite","@id":"https:\/\/www.corporaciongpf.com\/memoria-sostenibilidad\/#website","url":"https:\/\/www.corporaciongpf.com\/memoria-sostenibilidad\/","name":"Extracto Memoria Sostenibilidad | Corporaci\u00f3n GPF","description":"Este es un extracto de la sexta Memoria de Sostenibilidad consecutiva publicada por la compa\u00f1\u00eda","potentialAction":[{"@type":"SearchAction","target":{"@type":"EntryPoint","urlTemplate":"https:\/\/www.corporaciongpf.com\/memoria-sostenibilidad\/?s={search_term_string}"},"query-input":{"@type":"PropertyValueSpecification","valueRequired":true,"valueName":"search_term_string"}}],"inLanguage":"es"}]}},"_links":{"self":[{"href":"https:\/\/www.corporaciongpf.com\/memoria-sostenibilidad\/wp-json\/wp\/v2\/pages\/1588","targetHints":{"allow":["GET"]}}],"collection":[{"href":"https:\/\/www.corporaciongpf.com\/memoria-sostenibilidad\/wp-json\/wp\/v2\/pages"}],"about":[{"href":"https:\/\/www.corporaciongpf.com\/memoria-sostenibilidad\/wp-json\/wp\/v2\/types\/page"}],"author":[{"embeddable":true,"href":"https:\/\/www.corporaciongpf.com\/memoria-sostenibilidad\/wp-json\/wp\/v2\/users\/1"}],"replies":[{"embeddable":true,"href":"https:\/\/www.corporaciongpf.com\/memoria-sostenibilidad\/wp-json\/wp\/v2\/comments?post=1588"}],"version-history":[{"count":20,"href":"https:\/\/www.corporaciongpf.com\/memoria-sostenibilidad\/wp-json\/wp\/v2\/pages\/1588\/revisions"}],"predecessor-version":[{"id":1732,"href":"https:\/\/www.corporaciongpf.com\/memoria-sostenibilidad\/wp-json\/wp\/v2\/pages\/1588\/revisions\/1732"}],"wp:attachment":[{"href":"https:\/\/www.corporaciongpf.com\/memoria-sostenibilidad\/wp-json\/wp\/v2\/media?parent=1588"}],"curies":[{"name":"wp","href":"https:\/\/api.w.org\/{rel}","templated":true}]}}

<p>LA EMPRESA GESTIÓN RESPONSABLE DE CLIENTES CREACIÓN DE VALOR COMPARTIDO UN MODELO DE NEGOCIO INTEGRADO DESEMPEÑO SOCIO AMBIENTAL SOSTENIBLE GESTIÓN LOGÍSTICA INTEGRADA Y EFICIENTE El modelo de negocio de Corporación GPF está orientado a ofrecer soluciones de salud innovadoras y de calidad a sus clientes y a la comunidad. Su operación supone un hito dentro&#8230;</p>

<!-- This site is optimized with the Yoast SEO plugin v26.0 - https://yoast.com/wordpress/plugins/seo/ -->
<title>Un Modelo de Negocio Integrado - Extracto Memoria Sostenibilidad | Corporación GPF</title>
<meta name="robots" content="index, follow, max-snippet:-1, max-image-preview:large, max-video-preview:-1" />
<link rel="canonical" href="https://www.corporaciongpf.com/memoria-sostenibilidad/modelo-negocio-integrado-2017/" />
<meta property="og:locale" content="es_ES" />
<meta property="og:type" content="article" />
<meta property="og:title" content="Un Modelo de Negocio Integrado - Extracto Memoria Sostenibilidad | Corporación GPF" />
<meta property="og:description" content="LA EMPRESA GESTIÓN RESPONSABLE DE CLIENTES CREACIÓN DE VALOR COMPARTIDO UN MODELO DE NEGOCIO INTEGRADO DESEMPEÑO SOCIO AMBIENTAL SOSTENIBLE GESTIÓN LOGÍSTICA INTEGRADA Y EFICIENTE El modelo de negocio de Corporación GPF está orientado a ofrecer soluciones de salud innovadoras y de calidad a sus clientes y a la comunidad. Su operación supone un hito dentro..." />
<meta property="og:url" content="https://www.corporaciongpf.com/memoria-sostenibilidad/modelo-negocio-integrado-2017/" />
<meta property="og:site_name" content="Extracto Memoria Sostenibilidad | Corporación GPF" />
<meta property="article:modified_time" content="2018-06-11T21:30:58+00:00" />
<meta name="twitter:card" content="summary_large_image" />
<meta name="twitter:label1" content="Tiempo de lectura" />
	<meta name="twitter:data1" content="5 minutos" />
<script type="application/ld+json" class="yoast-schema-graph">{"@context":"https://schema.org","@graph":[{"@type":"WebPage","@id":"https://www.corporaciongpf.com/memoria-sostenibilidad/modelo-negocio-integrado-2017/","url":"https://www.corporaciongpf.com/memoria-sostenibilidad/modelo-negocio-integrado-2017/","name":"Un Modelo de Negocio Integrado - Extracto Memoria Sostenibilidad | Corporación GPF","isPartOf":{"@id":"https://www.corporaciongpf.com/memoria-sostenibilidad/#website"},"datePublished":"2018-06-04T18:58:25+00:00","dateModified":"2018-06-11T21:30:58+00:00","breadcrumb":{"@id":"https://www.corporaciongpf.com/memoria-sostenibilidad/modelo-negocio-integrado-2017/#breadcrumb"},"inLanguage":"es","potentialAction":[{"@type":"ReadAction","target":["https://www.corporaciongpf.com/memoria-sostenibilidad/modelo-negocio-integrado-2017/"]}]},{"@type":"BreadcrumbList","@id":"https://www.corporaciongpf.com/memoria-sostenibilidad/modelo-negocio-integrado-2017/#breadcrumb","itemListElement":[{"@type":"ListItem","position":1,"name":"Portada","item":"https://www.corporaciongpf.com/memoria-sostenibilidad/"},{"@type":"ListItem","position":2,"name":"Un Modelo de Negocio Integrado"}]},{"@type":"WebSite","@id":"https://www.corporaciongpf.com/memoria-sostenibilidad/#website","url":"https://www.corporaciongpf.com/memoria-sostenibilidad/","name":"Extracto Memoria Sostenibilidad | Corporación GPF","description":"Este es un extracto de la sexta Memoria de Sostenibilidad consecutiva publicada por la compañía","potentialAction":[{"@type":"SearchAction","target":{"@type":"EntryPoint","urlTemplate":"https://www.corporaciongpf.com/memoria-sostenibilidad/?s={search_term_string}"},"query-input":{"@type":"PropertyValueSpecification","valueRequired":true,"valueName":"search_term_string"}}],"inLanguage":"es"}]}</script>
<!-- / Yoast SEO plugin. -->

Un Modelo de Negocio Integrado - Extracto Memoria Sostenibilidad | Corporación GPF

LA EMPRESA GESTIÓN RESPONSABLE DE CLIENTES CREACIÓN DE VALOR COMPARTIDO UN MODELO DE NEGOCIO INTEGRADO DESEMPEÑO SOCIO AMBIENTAL SOSTENIBLE GESTIÓN LOGÍSTICA INTEGRADA Y EFICIENTE El modelo de negocio de Corporación GPF está orientado a ofrecer soluciones de salud innovadoras y de calidad a sus clientes y a la comunidad. Su operación supone un hito dentro...

Extracto Memoria Sostenibilidad | Corporación GPF

Este es un extracto de la sexta Memoria de Sostenibilidad consecutiva publicada por la compañía
