{"id":1590,"date":"2018-06-04T19:04:20","date_gmt":"2018-06-04T19:04:20","guid":{"rendered":"https:\/\/www.corporaciongpf.com\/memoria-sostenibilidad\/?page_id=1590"},"modified":"2018-06-08T14:14:58","modified_gmt":"2018-06-08T14:14:58","slug":"desempeno-socio-ambiental-sostenible-2017","status":"publish","type":"page","link":"https:\/\/www.corporaciongpf.com\/memoria-sostenibilidad\/desempeno-socio-ambiental-sostenible-2017\/","title":{"rendered":"Desempe\u00f1o Socio Ambiental Sostenible"},"content":{"rendered":"<style type=\"text\/css\"><\/style><div id=\"cs-content\" class=\"cs-content\"><\/div>\n","protected":false},"excerpt":{"rendered":"<p>LA EMPRESA GESTI\u00d3N RESPONSABLE DE CLIENTES CREACI\u00d3N DE VALOR COMPARTIDO UN MODELO DE NEGOCIO INTEGRADO DESEMPE\u00d1O SOCIO AMBIENTAL SOSTENIBLE GESTI\u00d3N DEL TALENTO HUMANO INNOVADORA Y RESPONSABLE Corporaci\u00f3n GPF ha venido formando a lo largo de los a\u00f1os una cultura de pr\u00e1cticas laborales responsables, basada en el respeto y la equidad. En este marco, la empresa&#8230;<\/p>\n","protected":false},"author":1,"featured_media":0,"parent":0,"menu_order":0,"comment_status":"closed","ping_status":"closed","template":"","meta":{"footnotes":""},"class_list":["post-1590","page","type-page","status-publish","hentry"],"yoast_head":"<!-- This site is optimized with the Yoast SEO plugin v26.0 - https:\/\/yoast.com\/wordpress\/plugins\/seo\/ -->\n<title>Desempe\u00f1o Socio Ambiental Sostenible - Extracto Memoria Sostenibilidad | Corporaci\u00f3n GPF<\/title>\n<meta name=\"robots\" content=\"index, follow, max-snippet:-1, max-image-preview:large, max-video-preview:-1\" \/>\n<link rel=\"canonical\" href=\"https:\/\/www.corporaciongpf.com\/memoria-sostenibilidad\/desempeno-socio-ambiental-sostenible-2017\/\" \/>\n<meta property=\"og:locale\" content=\"es_ES\" \/>\n<meta property=\"og:type\" content=\"article\" \/>\n<meta property=\"og:title\" content=\"Desempe\u00f1o Socio Ambiental Sostenible - Extracto Memoria Sostenibilidad | Corporaci\u00f3n GPF\" \/>\n<meta property=\"og:description\" content=\"LA EMPRESA GESTI\u00d3N RESPONSABLE DE CLIENTES CREACI\u00d3N DE VALOR COMPARTIDO UN MODELO DE NEGOCIO INTEGRADO DESEMPE\u00d1O SOCIO AMBIENTAL SOSTENIBLE GESTI\u00d3N DEL TALENTO HUMANO INNOVADORA Y RESPONSABLE Corporaci\u00f3n GPF ha venido formando a lo largo de los a\u00f1os una cultura de pr\u00e1cticas laborales responsables, basada en el respeto y la equidad. En este marco, la empresa...\" \/>\n<meta property=\"og:url\" content=\"https:\/\/www.corporaciongpf.com\/memoria-sostenibilidad\/desempeno-socio-ambiental-sostenible-2017\/\" \/>\n<meta property=\"og:site_name\" content=\"Extracto Memoria Sostenibilidad | Corporaci\u00f3n GPF\" \/>\n<meta property=\"article:modified_time\" content=\"2018-06-08T14:14:58+00:00\" \/>\n<meta property=\"og:image\" content=\"https:\/\/www.corporaciongpf.com\/memoria-sostenibilidad\/wp-content\/uploads\/2018\/06\/gestion-ambiental-1-corporacion-gpf.png\" \/>\n<meta name=\"twitter:card\" content=\"summary_large_image\" \/>\n<meta name=\"twitter:label1\" content=\"Tiempo de lectura\" \/>\n\t<meta name=\"twitter:data1\" content=\"2 minutos\" \/>\n<script type=\"application\/ld+json\" class=\"yoast-schema-graph\">{\"@context\":\"https:\/\/schema.org\",\"@graph\":[{\"@type\":\"WebPage\",\"@id\":\"https:\/\/www.corporaciongpf.com\/memoria-sostenibilidad\/desempeno-socio-ambiental-sostenible-2017\/\",\"url\":\"https:\/\/www.corporaciongpf.com\/memoria-sostenibilidad\/desempeno-socio-ambiental-sostenible-2017\/\",\"name\":\"Desempe\u00f1o Socio Ambiental Sostenible - Extracto Memoria Sostenibilidad | Corporaci\u00f3n GPF\",\"isPartOf\":{\"@id\":\"https:\/\/www.corporaciongpf.com\/memoria-sostenibilidad\/#website\"},\"primaryImageOfPage\":{\"@id\":\"https:\/\/www.corporaciongpf.com\/memoria-sostenibilidad\/desempeno-socio-ambiental-sostenible-2017\/#primaryimage\"},\"image\":{\"@id\":\"https:\/\/www.corporaciongpf.com\/memoria-sostenibilidad\/desempeno-socio-ambiental-sostenible-2017\/#primaryimage\"},\"thumbnailUrl\":\"https:\/\/www.corporaciongpf.com\/memoria-sostenibilidad\/wp-content\/uploads\/2018\/06\/gestion-ambiental-1-corporacion-gpf.png\",\"datePublished\":\"2018-06-04T19:04:20+00:00\",\"dateModified\":\"2018-06-08T14:14:58+00:00\",\"breadcrumb\":{\"@id\":\"https:\/\/www.corporaciongpf.com\/memoria-sostenibilidad\/desempeno-socio-ambiental-sostenible-2017\/#breadcrumb\"},\"inLanguage\":\"es\",\"potentialAction\":[{\"@type\":\"ReadAction\",\"target\":[\"https:\/\/www.corporaciongpf.com\/memoria-sostenibilidad\/desempeno-socio-ambiental-sostenible-2017\/\"]}]},{\"@type\":\"ImageObject\",\"inLanguage\":\"es\",\"@id\":\"https:\/\/www.corporaciongpf.com\/memoria-sostenibilidad\/desempeno-socio-ambiental-sostenible-2017\/#primaryimage\",\"url\":\"https:\/\/www.corporaciongpf.com\/memoria-sostenibilidad\/wp-content\/uploads\/2018\/06\/gestion-ambiental-1-corporacion-gpf.png\",\"contentUrl\":\"https:\/\/www.corporaciongpf.com\/memoria-sostenibilidad\/wp-content\/uploads\/2018\/06\/gestion-ambiental-1-corporacion-gpf.png\",\"width\":1000,\"height\":750},{\"@type\":\"BreadcrumbList\",\"@id\":\"https:\/\/www.corporaciongpf.com\/memoria-sostenibilidad\/desempeno-socio-ambiental-sostenible-2017\/#breadcrumb\",\"itemListElement\":[{\"@type\":\"ListItem\",\"position\":1,\"name\":\"Portada\",\"item\":\"https:\/\/www.corporaciongpf.com\/memoria-sostenibilidad\/\"},{\"@type\":\"ListItem\",\"position\":2,\"name\":\"Desempe\u00f1o Socio Ambiental Sostenible\"}]},{\"@type\":\"WebSite\",\"@id\":\"https:\/\/www.corporaciongpf.com\/memoria-sostenibilidad\/#website\",\"url\":\"https:\/\/www.corporaciongpf.com\/memoria-sostenibilidad\/\",\"name\":\"Extracto Memoria Sostenibilidad | Corporaci\u00f3n GPF\",\"description\":\"Este es un extracto de la sexta Memoria de Sostenibilidad consecutiva publicada por la compa\u00f1\u00eda\",\"potentialAction\":[{\"@type\":\"SearchAction\",\"target\":{\"@type\":\"EntryPoint\",\"urlTemplate\":\"https:\/\/www.corporaciongpf.com\/memoria-sostenibilidad\/?s={search_term_string}\"},\"query-input\":{\"@type\":\"PropertyValueSpecification\",\"valueRequired\":true,\"valueName\":\"search_term_string\"}}],\"inLanguage\":\"es\"}]}<\/script>\n<!-- \/ Yoast SEO plugin. -->","yoast_head_json":{"title":"Desempe\u00f1o Socio Ambiental Sostenible - Extracto Memoria Sostenibilidad | Corporaci\u00f3n GPF","robots":{"index":"index","follow":"follow","max-snippet":"max-snippet:-1","max-image-preview":"max-image-preview:large","max-video-preview":"max-video-preview:-1"},"canonical":"https:\/\/www.corporaciongpf.com\/memoria-sostenibilidad\/desempeno-socio-ambiental-sostenible-2017\/","og_locale":"es_ES","og_type":"article","og_title":"Desempe\u00f1o Socio Ambiental Sostenible - Extracto Memoria Sostenibilidad | Corporaci\u00f3n GPF","og_description":"LA EMPRESA GESTI\u00d3N RESPONSABLE DE CLIENTES CREACI\u00d3N DE VALOR COMPARTIDO UN MODELO DE NEGOCIO INTEGRADO DESEMPE\u00d1O SOCIO AMBIENTAL SOSTENIBLE GESTI\u00d3N DEL TALENTO HUMANO INNOVADORA Y RESPONSABLE Corporaci\u00f3n GPF ha venido formando a lo largo de los a\u00f1os una cultura de pr\u00e1cticas laborales responsables, basada en el respeto y la equidad. En este marco, la empresa...","og_url":"https:\/\/www.corporaciongpf.com\/memoria-sostenibilidad\/desempeno-socio-ambiental-sostenible-2017\/","og_site_name":"Extracto Memoria Sostenibilidad | Corporaci\u00f3n GPF","article_modified_time":"2018-06-08T14:14:58+00:00","og_image":[{"url":"https:\/\/www.corporaciongpf.com\/memoria-sostenibilidad\/wp-content\/uploads\/2018\/06\/gestion-ambiental-1-corporacion-gpf.png","type":"","width":"","height":""}],"twitter_card":"summary_large_image","twitter_misc":{"Tiempo de lectura":"2 minutos"},"schema":{"@context":"https:\/\/schema.org","@graph":[{"@type":"WebPage","@id":"https:\/\/www.corporaciongpf.com\/memoria-sostenibilidad\/desempeno-socio-ambiental-sostenible-2017\/","url":"https:\/\/www.corporaciongpf.com\/memoria-sostenibilidad\/desempeno-socio-ambiental-sostenible-2017\/","name":"Desempe\u00f1o Socio Ambiental Sostenible - Extracto Memoria Sostenibilidad | Corporaci\u00f3n GPF","isPartOf":{"@id":"https:\/\/www.corporaciongpf.com\/memoria-sostenibilidad\/#website"},"primaryImageOfPage":{"@id":"https:\/\/www.corporaciongpf.com\/memoria-sostenibilidad\/desempeno-socio-ambiental-sostenible-2017\/#primaryimage"},"image":{"@id":"https:\/\/www.corporaciongpf.com\/memoria-sostenibilidad\/desempeno-socio-ambiental-sostenible-2017\/#primaryimage"},"thumbnailUrl":"https:\/\/www.corporaciongpf.com\/memoria-sostenibilidad\/wp-content\/uploads\/2018\/06\/gestion-ambiental-1-corporacion-gpf.png","datePublished":"2018-06-04T19:04:20+00:00","dateModified":"2018-06-08T14:14:58+00:00","breadcrumb":{"@id":"https:\/\/www.corporaciongpf.com\/memoria-sostenibilidad\/desempeno-socio-ambiental-sostenible-2017\/#breadcrumb"},"inLanguage":"es","potentialAction":[{"@type":"ReadAction","target":["https:\/\/www.corporaciongpf.com\/memoria-sostenibilidad\/desempeno-socio-ambiental-sostenible-2017\/"]}]},{"@type":"ImageObject","inLanguage":"es","@id":"https:\/\/www.corporaciongpf.com\/memoria-sostenibilidad\/desempeno-socio-ambiental-sostenible-2017\/#primaryimage","url":"https:\/\/www.corporaciongpf.com\/memoria-sostenibilidad\/wp-content\/uploads\/2018\/06\/gestion-ambiental-1-corporacion-gpf.png","contentUrl":"https:\/\/www.corporaciongpf.com\/memoria-sostenibilidad\/wp-content\/uploads\/2018\/06\/gestion-ambiental-1-corporacion-gpf.png","width":1000,"height":750},{"@type":"BreadcrumbList","@id":"https:\/\/www.corporaciongpf.com\/memoria-sostenibilidad\/desempeno-socio-ambiental-sostenible-2017\/#breadcrumb","itemListElement":[{"@type":"ListItem","position":1,"name":"Portada","item":"https:\/\/www.corporaciongpf.com\/memoria-sostenibilidad\/"},{"@type":"ListItem","position":2,"name":"Desempe\u00f1o Socio Ambiental Sostenible"}]},{"@type":"WebSite","@id":"https:\/\/www.corporaciongpf.com\/memoria-sostenibilidad\/#website","url":"https:\/\/www.corporaciongpf.com\/memoria-sostenibilidad\/","name":"Extracto Memoria Sostenibilidad | Corporaci\u00f3n GPF","description":"Este es un extracto de la sexta Memoria de Sostenibilidad consecutiva publicada por la compa\u00f1\u00eda","potentialAction":[{"@type":"SearchAction","target":{"@type":"EntryPoint","urlTemplate":"https:\/\/www.corporaciongpf.com\/memoria-sostenibilidad\/?s={search_term_string}"},"query-input":{"@type":"PropertyValueSpecification","valueRequired":true,"valueName":"search_term_string"}}],"inLanguage":"es"}]}},"_links":{"self":[{"href":"https:\/\/www.corporaciongpf.com\/memoria-sostenibilidad\/wp-json\/wp\/v2\/pages\/1590","targetHints":{"allow":["GET"]}}],"collection":[{"href":"https:\/\/www.corporaciongpf.com\/memoria-sostenibilidad\/wp-json\/wp\/v2\/pages"}],"about":[{"href":"https:\/\/www.corporaciongpf.com\/memoria-sostenibilidad\/wp-json\/wp\/v2\/types\/page"}],"author":[{"embeddable":true,"href":"https:\/\/www.corporaciongpf.com\/memoria-sostenibilidad\/wp-json\/wp\/v2\/users\/1"}],"replies":[{"embeddable":true,"href":"https:\/\/www.corporaciongpf.com\/memoria-sostenibilidad\/wp-json\/wp\/v2\/comments?post=1590"}],"version-history":[{"count":8,"href":"https:\/\/www.corporaciongpf.com\/memoria-sostenibilidad\/wp-json\/wp\/v2\/pages\/1590\/revisions"}],"predecessor-version":[{"id":1775,"href":"https:\/\/www.corporaciongpf.com\/memoria-sostenibilidad\/wp-json\/wp\/v2\/pages\/1590\/revisions\/1775"}],"wp:attachment":[{"href":"https:\/\/www.corporaciongpf.com\/memoria-sostenibilidad\/wp-json\/wp\/v2\/media?parent=1590"}],"curies":[{"name":"wp","href":"https:\/\/api.w.org\/{rel}","templated":true}]}}