{"id":1833,"date":"2019-05-01T16:12:05","date_gmt":"2019-05-01T16:12:05","guid":{"rendered":"https:\/\/www.corporaciongpf.com\/memoria-sostenibilidad\/?page_id=1833"},"modified":"2019-05-07T17:22:55","modified_gmt":"2019-05-07T17:22:55","slug":"el-negocio","status":"publish","type":"page","link":"https:\/\/www.corporaciongpf.com\/memoria-sostenibilidad\/memoria-de-sostenibilidad-2018\/el-negocio\/","title":{"rendered":"El Negocio"},"content":{"rendered":"<style type=\"text\/css\"><\/style><div id=\"cs-content\" class=\"cs-content\"><\/div>\n","protected":false},"excerpt":{"rendered":"<p>EL NEGOCIO EL CLIENTE LOS PRODUCTOS SOSTENIBILIDAD Desde 1.930 s\u00f3lida trayectoria empresarial y de crecimiento en el tiempo.Socofar Chile, filial de la mexicana FEMSA Comercio, solicit\u00f3 las autorizaciones legales para que Corporaci\u00f3n GPF forme parte de su grupo corporativo.El 68% de nuestros colaboradores son mujeres.Alianzas institucionales para apoyar iniciativas que buscan mejorar la calidad de&#8230;<\/p>\n","protected":false},"author":1,"featured_media":0,"parent":1782,"menu_order":0,"comment_status":"closed","ping_status":"closed","template":"","meta":{"footnotes":""},"class_list":["post-1833","page","type-page","status-publish","hentry"],"yoast_head":"<!-- This site is optimized with the Yoast SEO plugin v26.0 - https:\/\/yoast.com\/wordpress\/plugins\/seo\/ -->\n<title>El Negocio - Extracto Memoria Sostenibilidad | Corporaci\u00f3n GPF<\/title>\n<meta name=\"robots\" content=\"index, follow, max-snippet:-1, max-image-preview:large, max-video-preview:-1\" \/>\n<link rel=\"canonical\" href=\"https:\/\/www.corporaciongpf.com\/memoria-sostenibilidad\/memoria-de-sostenibilidad-2018\/el-negocio\/\" \/>\n<meta property=\"og:locale\" content=\"es_ES\" \/>\n<meta property=\"og:type\" content=\"article\" \/>\n<meta property=\"og:title\" content=\"El Negocio - Extracto Memoria Sostenibilidad | Corporaci\u00f3n GPF\" \/>\n<meta property=\"og:description\" content=\"EL NEGOCIO EL CLIENTE LOS PRODUCTOS SOSTENIBILIDAD Desde 1.930 s\u00f3lida trayectoria empresarial y de crecimiento en el tiempo.Socofar Chile, filial de la mexicana FEMSA Comercio, solicit\u00f3 las autorizaciones legales para que Corporaci\u00f3n GPF forme parte de su grupo corporativo.El 68% de nuestros colaboradores son mujeres.Alianzas institucionales para apoyar iniciativas que buscan mejorar la calidad de...\" \/>\n<meta property=\"og:url\" content=\"https:\/\/www.corporaciongpf.com\/memoria-sostenibilidad\/memoria-de-sostenibilidad-2018\/el-negocio\/\" \/>\n<meta property=\"og:site_name\" content=\"Extracto Memoria Sostenibilidad | Corporaci\u00f3n GPF\" \/>\n<meta property=\"article:modified_time\" content=\"2019-05-07T17:22:55+00:00\" \/>\n<meta name=\"twitter:card\" content=\"summary_large_image\" \/>\n<meta name=\"twitter:label1\" content=\"Tiempo de lectura\" \/>\n\t<meta name=\"twitter:data1\" content=\"3 minutos\" \/>\n<script type=\"application\/ld+json\" class=\"yoast-schema-graph\">{\"@context\":\"https:\/\/schema.org\",\"@graph\":[{\"@type\":\"WebPage\",\"@id\":\"https:\/\/www.corporaciongpf.com\/memoria-sostenibilidad\/memoria-de-sostenibilidad-2018\/el-negocio\/\",\"url\":\"https:\/\/www.corporaciongpf.com\/memoria-sostenibilidad\/memoria-de-sostenibilidad-2018\/el-negocio\/\",\"name\":\"El Negocio - Extracto Memoria Sostenibilidad | Corporaci\u00f3n GPF\",\"isPartOf\":{\"@id\":\"https:\/\/www.corporaciongpf.com\/memoria-sostenibilidad\/#website\"},\"datePublished\":\"2019-05-01T16:12:05+00:00\",\"dateModified\":\"2019-05-07T17:22:55+00:00\",\"breadcrumb\":{\"@id\":\"https:\/\/www.corporaciongpf.com\/memoria-sostenibilidad\/memoria-de-sostenibilidad-2018\/el-negocio\/#breadcrumb\"},\"inLanguage\":\"es\",\"potentialAction\":[{\"@type\":\"ReadAction\",\"target\":[\"https:\/\/www.corporaciongpf.com\/memoria-sostenibilidad\/memoria-de-sostenibilidad-2018\/el-negocio\/\"]}]},{\"@type\":\"BreadcrumbList\",\"@id\":\"https:\/\/www.corporaciongpf.com\/memoria-sostenibilidad\/memoria-de-sostenibilidad-2018\/el-negocio\/#breadcrumb\",\"itemListElement\":[{\"@type\":\"ListItem\",\"position\":1,\"name\":\"Portada\",\"item\":\"https:\/\/www.corporaciongpf.com\/memoria-sostenibilidad\/\"},{\"@type\":\"ListItem\",\"position\":2,\"name\":\"Memoria de Sostenibilidad 2018\",\"item\":\"https:\/\/www.corporaciongpf.com\/memoria-sostenibilidad\/memoria-de-sostenibilidad-2018\/\"},{\"@type\":\"ListItem\",\"position\":3,\"name\":\"El Negocio\"}]},{\"@type\":\"WebSite\",\"@id\":\"https:\/\/www.corporaciongpf.com\/memoria-sostenibilidad\/#website\",\"url\":\"https:\/\/www.corporaciongpf.com\/memoria-sostenibilidad\/\",\"name\":\"Extracto Memoria Sostenibilidad | Corporaci\u00f3n GPF\",\"description\":\"Este es un extracto de la sexta Memoria de Sostenibilidad consecutiva publicada por la compa\u00f1\u00eda\",\"potentialAction\":[{\"@type\":\"SearchAction\",\"target\":{\"@type\":\"EntryPoint\",\"urlTemplate\":\"https:\/\/www.corporaciongpf.com\/memoria-sostenibilidad\/?s={search_term_string}\"},\"query-input\":{\"@type\":\"PropertyValueSpecification\",\"valueRequired\":true,\"valueName\":\"search_term_string\"}}],\"inLanguage\":\"es\"}]}<\/script>\n<!-- \/ Yoast SEO plugin. -->","yoast_head_json":{"title":"El Negocio - Extracto Memoria Sostenibilidad | Corporaci\u00f3n GPF","robots":{"index":"index","follow":"follow","max-snippet":"max-snippet:-1","max-image-preview":"max-image-preview:large","max-video-preview":"max-video-preview:-1"},"canonical":"https:\/\/www.corporaciongpf.com\/memoria-sostenibilidad\/memoria-de-sostenibilidad-2018\/el-negocio\/","og_locale":"es_ES","og_type":"article","og_title":"El Negocio - Extracto Memoria Sostenibilidad | Corporaci\u00f3n GPF","og_description":"EL NEGOCIO EL CLIENTE LOS PRODUCTOS SOSTENIBILIDAD Desde 1.930 s\u00f3lida trayectoria empresarial y de crecimiento en el tiempo.Socofar Chile, filial de la mexicana FEMSA Comercio, solicit\u00f3 las autorizaciones legales para que Corporaci\u00f3n GPF forme parte de su grupo corporativo.El 68% de nuestros colaboradores son mujeres.Alianzas institucionales para apoyar iniciativas que buscan mejorar la calidad de...","og_url":"https:\/\/www.corporaciongpf.com\/memoria-sostenibilidad\/memoria-de-sostenibilidad-2018\/el-negocio\/","og_site_name":"Extracto Memoria Sostenibilidad | Corporaci\u00f3n GPF","article_modified_time":"2019-05-07T17:22:55+00:00","twitter_card":"summary_large_image","twitter_misc":{"Tiempo de lectura":"3 minutos"},"schema":{"@context":"https:\/\/schema.org","@graph":[{"@type":"WebPage","@id":"https:\/\/www.corporaciongpf.com\/memoria-sostenibilidad\/memoria-de-sostenibilidad-2018\/el-negocio\/","url":"https:\/\/www.corporaciongpf.com\/memoria-sostenibilidad\/memoria-de-sostenibilidad-2018\/el-negocio\/","name":"El Negocio - Extracto Memoria Sostenibilidad | Corporaci\u00f3n GPF","isPartOf":{"@id":"https:\/\/www.corporaciongpf.com\/memoria-sostenibilidad\/#website"},"datePublished":"2019-05-01T16:12:05+00:00","dateModified":"2019-05-07T17:22:55+00:00","breadcrumb":{"@id":"https:\/\/www.corporaciongpf.com\/memoria-sostenibilidad\/memoria-de-sostenibilidad-2018\/el-negocio\/#breadcrumb"},"inLanguage":"es","potentialAction":[{"@type":"ReadAction","target":["https:\/\/www.corporaciongpf.com\/memoria-sostenibilidad\/memoria-de-sostenibilidad-2018\/el-negocio\/"]}]},{"@type":"BreadcrumbList","@id":"https:\/\/www.corporaciongpf.com\/memoria-sostenibilidad\/memoria-de-sostenibilidad-2018\/el-negocio\/#breadcrumb","itemListElement":[{"@type":"ListItem","position":1,"name":"Portada","item":"https:\/\/www.corporaciongpf.com\/memoria-sostenibilidad\/"},{"@type":"ListItem","position":2,"name":"Memoria de Sostenibilidad 2018","item":"https:\/\/www.corporaciongpf.com\/memoria-sostenibilidad\/memoria-de-sostenibilidad-2018\/"},{"@type":"ListItem","position":3,"name":"El Negocio"}]},{"@type":"WebSite","@id":"https:\/\/www.corporaciongpf.com\/memoria-sostenibilidad\/#website","url":"https:\/\/www.corporaciongpf.com\/memoria-sostenibilidad\/","name":"Extracto Memoria Sostenibilidad | Corporaci\u00f3n GPF","description":"Este es un extracto de la sexta Memoria de Sostenibilidad consecutiva publicada por la compa\u00f1\u00eda","potentialAction":[{"@type":"SearchAction","target":{"@type":"EntryPoint","urlTemplate":"https:\/\/www.corporaciongpf.com\/memoria-sostenibilidad\/?s={search_term_string}"},"query-input":{"@type":"PropertyValueSpecification","valueRequired":true,"valueName":"search_term_string"}}],"inLanguage":"es"}]}},"_links":{"self":[{"href":"https:\/\/www.corporaciongpf.com\/memoria-sostenibilidad\/wp-json\/wp\/v2\/pages\/1833","targetHints":{"allow":["GET"]}}],"collection":[{"href":"https:\/\/www.corporaciongpf.com\/memoria-sostenibilidad\/wp-json\/wp\/v2\/pages"}],"about":[{"href":"https:\/\/www.corporaciongpf.com\/memoria-sostenibilidad\/wp-json\/wp\/v2\/types\/page"}],"author":[{"embeddable":true,"href":"https:\/\/www.corporaciongpf.com\/memoria-sostenibilidad\/wp-json\/wp\/v2\/users\/1"}],"replies":[{"embeddable":true,"href":"https:\/\/www.corporaciongpf.com\/memoria-sostenibilidad\/wp-json\/wp\/v2\/comments?post=1833"}],"version-history":[{"count":9,"href":"https:\/\/www.corporaciongpf.com\/memoria-sostenibilidad\/wp-json\/wp\/v2\/pages\/1833\/revisions"}],"predecessor-version":[{"id":1911,"href":"https:\/\/www.corporaciongpf.com\/memoria-sostenibilidad\/wp-json\/wp\/v2\/pages\/1833\/revisions\/1911"}],"up":[{"embeddable":true,"href":"https:\/\/www.corporaciongpf.com\/memoria-sostenibilidad\/wp-json\/wp\/v2\/pages\/1782"}],"wp:attachment":[{"href":"https:\/\/www.corporaciongpf.com\/memoria-sostenibilidad\/wp-json\/wp\/v2\/media?parent=1833"}],"curies":[{"name":"wp","href":"https:\/\/api.w.org\/{rel}","templated":true}]}}

<p>EL NEGOCIO EL CLIENTE LOS PRODUCTOS SOSTENIBILIDAD Desde 1.930 sólida trayectoria empresarial y de crecimiento en el tiempo.Socofar Chile, filial de la mexicana FEMSA Comercio, solicitó las autorizaciones legales para que Corporación GPF forme parte de su grupo corporativo.El 68% de nuestros colaboradores son mujeres.Alianzas institucionales para apoyar iniciativas que buscan mejorar la calidad de&#8230;</p>

<!-- This site is optimized with the Yoast SEO plugin v26.0 - https://yoast.com/wordpress/plugins/seo/ -->
<title>El Negocio - Extracto Memoria Sostenibilidad | Corporación GPF</title>
<meta name="robots" content="index, follow, max-snippet:-1, max-image-preview:large, max-video-preview:-1" />
<link rel="canonical" href="https://www.corporaciongpf.com/memoria-sostenibilidad/memoria-de-sostenibilidad-2018/el-negocio/" />
<meta property="og:locale" content="es_ES" />
<meta property="og:type" content="article" />
<meta property="og:title" content="El Negocio - Extracto Memoria Sostenibilidad | Corporación GPF" />
<meta property="og:description" content="EL NEGOCIO EL CLIENTE LOS PRODUCTOS SOSTENIBILIDAD Desde 1.930 sólida trayectoria empresarial y de crecimiento en el tiempo.Socofar Chile, filial de la mexicana FEMSA Comercio, solicitó las autorizaciones legales para que Corporación GPF forme parte de su grupo corporativo.El 68% de nuestros colaboradores son mujeres.Alianzas institucionales para apoyar iniciativas que buscan mejorar la calidad de..." />
<meta property="og:url" content="https://www.corporaciongpf.com/memoria-sostenibilidad/memoria-de-sostenibilidad-2018/el-negocio/" />
<meta property="og:site_name" content="Extracto Memoria Sostenibilidad | Corporación GPF" />
<meta property="article:modified_time" content="2019-05-07T17:22:55+00:00" />
<meta name="twitter:card" content="summary_large_image" />
<meta name="twitter:label1" content="Tiempo de lectura" />
	<meta name="twitter:data1" content="3 minutos" />
<script type="application/ld+json" class="yoast-schema-graph">{"@context":"https://schema.org","@graph":[{"@type":"WebPage","@id":"https://www.corporaciongpf.com/memoria-sostenibilidad/memoria-de-sostenibilidad-2018/el-negocio/","url":"https://www.corporaciongpf.com/memoria-sostenibilidad/memoria-de-sostenibilidad-2018/el-negocio/","name":"El Negocio - Extracto Memoria Sostenibilidad | Corporación GPF","isPartOf":{"@id":"https://www.corporaciongpf.com/memoria-sostenibilidad/#website"},"datePublished":"2019-05-01T16:12:05+00:00","dateModified":"2019-05-07T17:22:55+00:00","breadcrumb":{"@id":"https://www.corporaciongpf.com/memoria-sostenibilidad/memoria-de-sostenibilidad-2018/el-negocio/#breadcrumb"},"inLanguage":"es","potentialAction":[{"@type":"ReadAction","target":["https://www.corporaciongpf.com/memoria-sostenibilidad/memoria-de-sostenibilidad-2018/el-negocio/"]}]},{"@type":"BreadcrumbList","@id":"https://www.corporaciongpf.com/memoria-sostenibilidad/memoria-de-sostenibilidad-2018/el-negocio/#breadcrumb","itemListElement":[{"@type":"ListItem","position":1,"name":"Portada","item":"https://www.corporaciongpf.com/memoria-sostenibilidad/"},{"@type":"ListItem","position":2,"name":"Memoria de Sostenibilidad 2018","item":"https://www.corporaciongpf.com/memoria-sostenibilidad/memoria-de-sostenibilidad-2018/"},{"@type":"ListItem","position":3,"name":"El Negocio"}]},{"@type":"WebSite","@id":"https://www.corporaciongpf.com/memoria-sostenibilidad/#website","url":"https://www.corporaciongpf.com/memoria-sostenibilidad/","name":"Extracto Memoria Sostenibilidad | Corporación GPF","description":"Este es un extracto de la sexta Memoria de Sostenibilidad consecutiva publicada por la compañía","potentialAction":[{"@type":"SearchAction","target":{"@type":"EntryPoint","urlTemplate":"https://www.corporaciongpf.com/memoria-sostenibilidad/?s={search_term_string}"},"query-input":{"@type":"PropertyValueSpecification","valueRequired":true,"valueName":"search_term_string"}}],"inLanguage":"es"}]}</script>
<!-- / Yoast SEO plugin. -->

El Negocio - Extracto Memoria Sostenibilidad | Corporación GPF

EL NEGOCIO EL CLIENTE LOS PRODUCTOS SOSTENIBILIDAD Desde 1.930 sólida trayectoria empresarial y de crecimiento en el tiempo.Socofar Chile, filial de la mexicana FEMSA Comercio, solicitó las autorizaciones legales para que Corporación GPF forme parte de su grupo corporativo.El 68% de nuestros colaboradores son mujeres.Alianzas institucionales para apoyar iniciativas que buscan mejorar la calidad de...

Extracto Memoria Sostenibilidad | Corporación GPF

Este es un extracto de la sexta Memoria de Sostenibilidad consecutiva publicada por la compañía
