{"id":2025,"date":"2020-08-06T19:51:11","date_gmt":"2020-08-06T19:51:11","guid":{"rendered":"https:\/\/www.corporaciongpf.com\/memoria-sostenibilidad\/?page_id=2025"},"modified":"2020-08-13T15:18:48","modified_gmt":"2020-08-13T15:18:48","slug":"memoria-sostenibilidad-2019","status":"publish","type":"page","link":"https:\/\/www.corporaciongpf.com\/memoria-sostenibilidad\/memoria-sostenibilidad-2019\/","title":{"rendered":"Memoria de Sostenibilidad 2019"},"content":{"rendered":"<style type=\"text\/css\"><\/style><div id=\"cs-content\" class=\"cs-content\"><\/div>\n","protected":false},"excerpt":{"rendered":"<p>DESCARGAR VERSI\u00d3N COMPLETAA trav\u00e9s de este extracto de la novena Memoria de Sostenibilidad, Corporaci\u00f3n GPF expone los elementos de mayor relevancia del reporte, acerca de su gesti\u00f3n y desempe\u00f1o en materia econ\u00f3mica, social y ambiental.La Memoria de Sostenibilidad 2019 se publica de conformidad con los diez principios de calidad y contenido de la metodolog\u00eda Global&#8230;<\/p>\n","protected":false},"author":1,"featured_media":0,"parent":0,"menu_order":0,"comment_status":"closed","ping_status":"closed","template":"","meta":{"footnotes":""},"class_list":["post-2025","page","type-page","status-publish","hentry"],"yoast_head":"<!-- This site is optimized with the Yoast SEO plugin v26.0 - https:\/\/yoast.com\/wordpress\/plugins\/seo\/ -->\n<title>Memoria de Sostenibilidad 2019 - Extracto Memoria Sostenibilidad | Corporaci\u00f3n GPF<\/title>\n<meta name=\"robots\" content=\"index, follow, max-snippet:-1, max-image-preview:large, max-video-preview:-1\" \/>\n<link rel=\"canonical\" href=\"https:\/\/www.corporaciongpf.com\/memoria-sostenibilidad\/memoria-sostenibilidad-2019\/\" \/>\n<meta property=\"og:locale\" content=\"es_ES\" \/>\n<meta property=\"og:type\" content=\"article\" \/>\n<meta property=\"og:title\" content=\"Memoria de Sostenibilidad 2019 - Extracto Memoria Sostenibilidad | Corporaci\u00f3n GPF\" \/>\n<meta property=\"og:description\" content=\"DESCARGAR VERSI\u00d3N COMPLETAA trav\u00e9s de este extracto de la novena Memoria de Sostenibilidad, Corporaci\u00f3n GPF expone los elementos de mayor relevancia del reporte, acerca de su gesti\u00f3n y desempe\u00f1o en materia econ\u00f3mica, social y ambiental.La Memoria de Sostenibilidad 2019 se publica de conformidad con los diez principios de calidad y contenido de la metodolog\u00eda Global...\" \/>\n<meta property=\"og:url\" content=\"https:\/\/www.corporaciongpf.com\/memoria-sostenibilidad\/memoria-sostenibilidad-2019\/\" \/>\n<meta property=\"og:site_name\" content=\"Extracto Memoria Sostenibilidad | Corporaci\u00f3n GPF\" \/>\n<meta property=\"article:modified_time\" content=\"2020-08-13T15:18:48+00:00\" \/>\n<meta name=\"twitter:card\" content=\"summary_large_image\" \/>\n<meta name=\"twitter:label1\" content=\"Tiempo de lectura\" \/>\n\t<meta name=\"twitter:data1\" content=\"6 minutos\" \/>\n<script type=\"application\/ld+json\" class=\"yoast-schema-graph\">{\"@context\":\"https:\/\/schema.org\",\"@graph\":[{\"@type\":\"WebPage\",\"@id\":\"https:\/\/www.corporaciongpf.com\/memoria-sostenibilidad\/memoria-sostenibilidad-2019\/\",\"url\":\"https:\/\/www.corporaciongpf.com\/memoria-sostenibilidad\/memoria-sostenibilidad-2019\/\",\"name\":\"Memoria de Sostenibilidad 2019 - Extracto Memoria Sostenibilidad | Corporaci\u00f3n GPF\",\"isPartOf\":{\"@id\":\"https:\/\/www.corporaciongpf.com\/memoria-sostenibilidad\/#website\"},\"datePublished\":\"2020-08-06T19:51:11+00:00\",\"dateModified\":\"2020-08-13T15:18:48+00:00\",\"breadcrumb\":{\"@id\":\"https:\/\/www.corporaciongpf.com\/memoria-sostenibilidad\/memoria-sostenibilidad-2019\/#breadcrumb\"},\"inLanguage\":\"es\",\"potentialAction\":[{\"@type\":\"ReadAction\",\"target\":[\"https:\/\/www.corporaciongpf.com\/memoria-sostenibilidad\/memoria-sostenibilidad-2019\/\"]}]},{\"@type\":\"BreadcrumbList\",\"@id\":\"https:\/\/www.corporaciongpf.com\/memoria-sostenibilidad\/memoria-sostenibilidad-2019\/#breadcrumb\",\"itemListElement\":[{\"@type\":\"ListItem\",\"position\":1,\"name\":\"Portada\",\"item\":\"https:\/\/www.corporaciongpf.com\/memoria-sostenibilidad\/\"},{\"@type\":\"ListItem\",\"position\":2,\"name\":\"Memoria de Sostenibilidad 2019\"}]},{\"@type\":\"WebSite\",\"@id\":\"https:\/\/www.corporaciongpf.com\/memoria-sostenibilidad\/#website\",\"url\":\"https:\/\/www.corporaciongpf.com\/memoria-sostenibilidad\/\",\"name\":\"Extracto Memoria Sostenibilidad | Corporaci\u00f3n GPF\",\"description\":\"Este es un extracto de la sexta Memoria de Sostenibilidad consecutiva publicada por la compa\u00f1\u00eda\",\"potentialAction\":[{\"@type\":\"SearchAction\",\"target\":{\"@type\":\"EntryPoint\",\"urlTemplate\":\"https:\/\/www.corporaciongpf.com\/memoria-sostenibilidad\/?s={search_term_string}\"},\"query-input\":{\"@type\":\"PropertyValueSpecification\",\"valueRequired\":true,\"valueName\":\"search_term_string\"}}],\"inLanguage\":\"es\"}]}<\/script>\n<!-- \/ Yoast SEO plugin. -->","yoast_head_json":{"title":"Memoria de Sostenibilidad 2019 - Extracto Memoria Sostenibilidad | Corporaci\u00f3n GPF","robots":{"index":"index","follow":"follow","max-snippet":"max-snippet:-1","max-image-preview":"max-image-preview:large","max-video-preview":"max-video-preview:-1"},"canonical":"https:\/\/www.corporaciongpf.com\/memoria-sostenibilidad\/memoria-sostenibilidad-2019\/","og_locale":"es_ES","og_type":"article","og_title":"Memoria de Sostenibilidad 2019 - Extracto Memoria Sostenibilidad | Corporaci\u00f3n GPF","og_description":"DESCARGAR VERSI\u00d3N COMPLETAA trav\u00e9s de este extracto de la novena Memoria de Sostenibilidad, Corporaci\u00f3n GPF expone los elementos de mayor relevancia del reporte, acerca de su gesti\u00f3n y desempe\u00f1o en materia econ\u00f3mica, social y ambiental.La Memoria de Sostenibilidad 2019 se publica de conformidad con los diez principios de calidad y contenido de la metodolog\u00eda Global...","og_url":"https:\/\/www.corporaciongpf.com\/memoria-sostenibilidad\/memoria-sostenibilidad-2019\/","og_site_name":"Extracto Memoria Sostenibilidad | Corporaci\u00f3n GPF","article_modified_time":"2020-08-13T15:18:48+00:00","twitter_card":"summary_large_image","twitter_misc":{"Tiempo de lectura":"6 minutos"},"schema":{"@context":"https:\/\/schema.org","@graph":[{"@type":"WebPage","@id":"https:\/\/www.corporaciongpf.com\/memoria-sostenibilidad\/memoria-sostenibilidad-2019\/","url":"https:\/\/www.corporaciongpf.com\/memoria-sostenibilidad\/memoria-sostenibilidad-2019\/","name":"Memoria de Sostenibilidad 2019 - Extracto Memoria Sostenibilidad | Corporaci\u00f3n GPF","isPartOf":{"@id":"https:\/\/www.corporaciongpf.com\/memoria-sostenibilidad\/#website"},"datePublished":"2020-08-06T19:51:11+00:00","dateModified":"2020-08-13T15:18:48+00:00","breadcrumb":{"@id":"https:\/\/www.corporaciongpf.com\/memoria-sostenibilidad\/memoria-sostenibilidad-2019\/#breadcrumb"},"inLanguage":"es","potentialAction":[{"@type":"ReadAction","target":["https:\/\/www.corporaciongpf.com\/memoria-sostenibilidad\/memoria-sostenibilidad-2019\/"]}]},{"@type":"BreadcrumbList","@id":"https:\/\/www.corporaciongpf.com\/memoria-sostenibilidad\/memoria-sostenibilidad-2019\/#breadcrumb","itemListElement":[{"@type":"ListItem","position":1,"name":"Portada","item":"https:\/\/www.corporaciongpf.com\/memoria-sostenibilidad\/"},{"@type":"ListItem","position":2,"name":"Memoria de Sostenibilidad 2019"}]},{"@type":"WebSite","@id":"https:\/\/www.corporaciongpf.com\/memoria-sostenibilidad\/#website","url":"https:\/\/www.corporaciongpf.com\/memoria-sostenibilidad\/","name":"Extracto Memoria Sostenibilidad | Corporaci\u00f3n GPF","description":"Este es un extracto de la sexta Memoria de Sostenibilidad consecutiva publicada por la compa\u00f1\u00eda","potentialAction":[{"@type":"SearchAction","target":{"@type":"EntryPoint","urlTemplate":"https:\/\/www.corporaciongpf.com\/memoria-sostenibilidad\/?s={search_term_string}"},"query-input":{"@type":"PropertyValueSpecification","valueRequired":true,"valueName":"search_term_string"}}],"inLanguage":"es"}]}},"_links":{"self":[{"href":"https:\/\/www.corporaciongpf.com\/memoria-sostenibilidad\/wp-json\/wp\/v2\/pages\/2025","targetHints":{"allow":["GET"]}}],"collection":[{"href":"https:\/\/www.corporaciongpf.com\/memoria-sostenibilidad\/wp-json\/wp\/v2\/pages"}],"about":[{"href":"https:\/\/www.corporaciongpf.com\/memoria-sostenibilidad\/wp-json\/wp\/v2\/types\/page"}],"author":[{"embeddable":true,"href":"https:\/\/www.corporaciongpf.com\/memoria-sostenibilidad\/wp-json\/wp\/v2\/users\/1"}],"replies":[{"embeddable":true,"href":"https:\/\/www.corporaciongpf.com\/memoria-sostenibilidad\/wp-json\/wp\/v2\/comments?post=2025"}],"version-history":[{"count":19,"href":"https:\/\/www.corporaciongpf.com\/memoria-sostenibilidad\/wp-json\/wp\/v2\/pages\/2025\/revisions"}],"predecessor-version":[{"id":2236,"href":"https:\/\/www.corporaciongpf.com\/memoria-sostenibilidad\/wp-json\/wp\/v2\/pages\/2025\/revisions\/2236"}],"wp:attachment":[{"href":"https:\/\/www.corporaciongpf.com\/memoria-sostenibilidad\/wp-json\/wp\/v2\/media?parent=2025"}],"curies":[{"name":"wp","href":"https:\/\/api.w.org\/{rel}","templated":true}]}}

<p>DESCARGAR VERSIÓN COMPLETAA través de este extracto de la novena Memoria de Sostenibilidad, Corporación GPF expone los elementos de mayor relevancia del reporte, acerca de su gestión y desempeño en materia económica, social y ambiental.La Memoria de Sostenibilidad 2019 se publica de conformidad con los diez principios de calidad y contenido de la metodología Global&#8230;</p>

<!-- This site is optimized with the Yoast SEO plugin v26.0 - https://yoast.com/wordpress/plugins/seo/ -->
<title>Memoria de Sostenibilidad 2019 - Extracto Memoria Sostenibilidad | Corporación GPF</title>
<meta name="robots" content="index, follow, max-snippet:-1, max-image-preview:large, max-video-preview:-1" />
<link rel="canonical" href="https://www.corporaciongpf.com/memoria-sostenibilidad/memoria-sostenibilidad-2019/" />
<meta property="og:locale" content="es_ES" />
<meta property="og:type" content="article" />
<meta property="og:title" content="Memoria de Sostenibilidad 2019 - Extracto Memoria Sostenibilidad | Corporación GPF" />
<meta property="og:description" content="DESCARGAR VERSIÓN COMPLETAA través de este extracto de la novena Memoria de Sostenibilidad, Corporación GPF expone los elementos de mayor relevancia del reporte, acerca de su gestión y desempeño en materia económica, social y ambiental.La Memoria de Sostenibilidad 2019 se publica de conformidad con los diez principios de calidad y contenido de la metodología Global..." />
<meta property="og:url" content="https://www.corporaciongpf.com/memoria-sostenibilidad/memoria-sostenibilidad-2019/" />
<meta property="og:site_name" content="Extracto Memoria Sostenibilidad | Corporación GPF" />
<meta property="article:modified_time" content="2020-08-13T15:18:48+00:00" />
<meta name="twitter:card" content="summary_large_image" />
<meta name="twitter:label1" content="Tiempo de lectura" />
	<meta name="twitter:data1" content="6 minutos" />
<script type="application/ld+json" class="yoast-schema-graph">{"@context":"https://schema.org","@graph":[{"@type":"WebPage","@id":"https://www.corporaciongpf.com/memoria-sostenibilidad/memoria-sostenibilidad-2019/","url":"https://www.corporaciongpf.com/memoria-sostenibilidad/memoria-sostenibilidad-2019/","name":"Memoria de Sostenibilidad 2019 - Extracto Memoria Sostenibilidad | Corporación GPF","isPartOf":{"@id":"https://www.corporaciongpf.com/memoria-sostenibilidad/#website"},"datePublished":"2020-08-06T19:51:11+00:00","dateModified":"2020-08-13T15:18:48+00:00","breadcrumb":{"@id":"https://www.corporaciongpf.com/memoria-sostenibilidad/memoria-sostenibilidad-2019/#breadcrumb"},"inLanguage":"es","potentialAction":[{"@type":"ReadAction","target":["https://www.corporaciongpf.com/memoria-sostenibilidad/memoria-sostenibilidad-2019/"]}]},{"@type":"BreadcrumbList","@id":"https://www.corporaciongpf.com/memoria-sostenibilidad/memoria-sostenibilidad-2019/#breadcrumb","itemListElement":[{"@type":"ListItem","position":1,"name":"Portada","item":"https://www.corporaciongpf.com/memoria-sostenibilidad/"},{"@type":"ListItem","position":2,"name":"Memoria de Sostenibilidad 2019"}]},{"@type":"WebSite","@id":"https://www.corporaciongpf.com/memoria-sostenibilidad/#website","url":"https://www.corporaciongpf.com/memoria-sostenibilidad/","name":"Extracto Memoria Sostenibilidad | Corporación GPF","description":"Este es un extracto de la sexta Memoria de Sostenibilidad consecutiva publicada por la compañía","potentialAction":[{"@type":"SearchAction","target":{"@type":"EntryPoint","urlTemplate":"https://www.corporaciongpf.com/memoria-sostenibilidad/?s={search_term_string}"},"query-input":{"@type":"PropertyValueSpecification","valueRequired":true,"valueName":"search_term_string"}}],"inLanguage":"es"}]}</script>
<!-- / Yoast SEO plugin. -->

Memoria de Sostenibilidad 2019 - Extracto Memoria Sostenibilidad | Corporación GPF

DESCARGAR VERSIÓN COMPLETAA través de este extracto de la novena Memoria de Sostenibilidad, Corporación GPF expone los elementos de mayor relevancia del reporte, acerca de su gestión y desempeño en materia económica, social y ambiental.La Memoria de Sostenibilidad 2019 se publica de conformidad con los diez principios de calidad y contenido de la metodología Global...

Extracto Memoria Sostenibilidad | Corporación GPF

Este es un extracto de la sexta Memoria de Sostenibilidad consecutiva publicada por la compañía
