{"id":2049,"date":"2020-08-06T22:56:19","date_gmt":"2020-08-06T22:56:19","guid":{"rendered":"https:\/\/www.corporaciongpf.com\/memoria-sostenibilidad\/?page_id=2049"},"modified":"2020-08-07T21:12:19","modified_gmt":"2020-08-07T21:12:19","slug":"el-talento","status":"publish","type":"page","link":"https:\/\/www.corporaciongpf.com\/memoria-sostenibilidad\/memoria-sostenibilidad-2019\/el-talento\/","title":{"rendered":"El Talento"},"content":{"rendered":"<style type=\"text\/css\"><\/style><div id=\"cs-content\" class=\"cs-content\"><\/div>\n","protected":false},"excerpt":{"rendered":"<p>Vivir en diversidad e igualdad significa contar con una cultura variada e inclusiva, que reconoce en el otro lo que lo hace \u00fanico y diferente.Entre los colaboradores, se han creado espacios de inclusi\u00f3n como es el caso del personal con discapacidad (PCD), tanto en puntos de venta como en el Centro de Abastecimiento, quienes son&#8230;<\/p>\n","protected":false},"author":1,"featured_media":0,"parent":2025,"menu_order":0,"comment_status":"closed","ping_status":"closed","template":"","meta":{"footnotes":""},"class_list":["post-2049","page","type-page","status-publish","hentry"],"yoast_head":"<!-- This site is optimized with the Yoast SEO plugin v26.0 - https:\/\/yoast.com\/wordpress\/plugins\/seo\/ -->\n<title>El Talento - Extracto Memoria Sostenibilidad | Corporaci\u00f3n GPF<\/title>\n<meta name=\"robots\" content=\"index, follow, max-snippet:-1, max-image-preview:large, max-video-preview:-1\" \/>\n<link rel=\"canonical\" href=\"https:\/\/www.corporaciongpf.com\/memoria-sostenibilidad\/memoria-sostenibilidad-2019\/el-talento\/\" \/>\n<meta property=\"og:locale\" content=\"es_ES\" \/>\n<meta property=\"og:type\" content=\"article\" \/>\n<meta property=\"og:title\" content=\"El Talento - Extracto Memoria Sostenibilidad | Corporaci\u00f3n GPF\" \/>\n<meta property=\"og:description\" content=\"Vivir en diversidad e igualdad significa contar con una cultura variada e inclusiva, que reconoce en el otro lo que lo hace \u00fanico y diferente.Entre los colaboradores, se han creado espacios de inclusi\u00f3n como es el caso del personal con discapacidad (PCD), tanto en puntos de venta como en el Centro de Abastecimiento, quienes son...\" \/>\n<meta property=\"og:url\" content=\"https:\/\/www.corporaciongpf.com\/memoria-sostenibilidad\/memoria-sostenibilidad-2019\/el-talento\/\" \/>\n<meta property=\"og:site_name\" content=\"Extracto Memoria Sostenibilidad | Corporaci\u00f3n GPF\" \/>\n<meta property=\"article:modified_time\" content=\"2020-08-07T21:12:19+00:00\" \/>\n<meta name=\"twitter:card\" content=\"summary_large_image\" \/>\n<meta name=\"twitter:label1\" content=\"Tiempo de lectura\" \/>\n\t<meta name=\"twitter:data1\" content=\"3 minutos\" \/>\n<script type=\"application\/ld+json\" class=\"yoast-schema-graph\">{\"@context\":\"https:\/\/schema.org\",\"@graph\":[{\"@type\":\"WebPage\",\"@id\":\"https:\/\/www.corporaciongpf.com\/memoria-sostenibilidad\/memoria-sostenibilidad-2019\/el-talento\/\",\"url\":\"https:\/\/www.corporaciongpf.com\/memoria-sostenibilidad\/memoria-sostenibilidad-2019\/el-talento\/\",\"name\":\"El Talento - Extracto Memoria Sostenibilidad | Corporaci\u00f3n GPF\",\"isPartOf\":{\"@id\":\"https:\/\/www.corporaciongpf.com\/memoria-sostenibilidad\/#website\"},\"datePublished\":\"2020-08-06T22:56:19+00:00\",\"dateModified\":\"2020-08-07T21:12:19+00:00\",\"breadcrumb\":{\"@id\":\"https:\/\/www.corporaciongpf.com\/memoria-sostenibilidad\/memoria-sostenibilidad-2019\/el-talento\/#breadcrumb\"},\"inLanguage\":\"es\",\"potentialAction\":[{\"@type\":\"ReadAction\",\"target\":[\"https:\/\/www.corporaciongpf.com\/memoria-sostenibilidad\/memoria-sostenibilidad-2019\/el-talento\/\"]}]},{\"@type\":\"BreadcrumbList\",\"@id\":\"https:\/\/www.corporaciongpf.com\/memoria-sostenibilidad\/memoria-sostenibilidad-2019\/el-talento\/#breadcrumb\",\"itemListElement\":[{\"@type\":\"ListItem\",\"position\":1,\"name\":\"Portada\",\"item\":\"https:\/\/www.corporaciongpf.com\/memoria-sostenibilidad\/\"},{\"@type\":\"ListItem\",\"position\":2,\"name\":\"Memoria de Sostenibilidad 2019\",\"item\":\"https:\/\/www.corporaciongpf.com\/memoria-sostenibilidad\/memoria-sostenibilidad-2019\/\"},{\"@type\":\"ListItem\",\"position\":3,\"name\":\"El Talento\"}]},{\"@type\":\"WebSite\",\"@id\":\"https:\/\/www.corporaciongpf.com\/memoria-sostenibilidad\/#website\",\"url\":\"https:\/\/www.corporaciongpf.com\/memoria-sostenibilidad\/\",\"name\":\"Extracto Memoria Sostenibilidad | Corporaci\u00f3n GPF\",\"description\":\"Este es un extracto de la sexta Memoria de Sostenibilidad consecutiva publicada por la compa\u00f1\u00eda\",\"potentialAction\":[{\"@type\":\"SearchAction\",\"target\":{\"@type\":\"EntryPoint\",\"urlTemplate\":\"https:\/\/www.corporaciongpf.com\/memoria-sostenibilidad\/?s={search_term_string}\"},\"query-input\":{\"@type\":\"PropertyValueSpecification\",\"valueRequired\":true,\"valueName\":\"search_term_string\"}}],\"inLanguage\":\"es\"}]}<\/script>\n<!-- \/ Yoast SEO plugin. -->","yoast_head_json":{"title":"El Talento - Extracto Memoria Sostenibilidad | Corporaci\u00f3n GPF","robots":{"index":"index","follow":"follow","max-snippet":"max-snippet:-1","max-image-preview":"max-image-preview:large","max-video-preview":"max-video-preview:-1"},"canonical":"https:\/\/www.corporaciongpf.com\/memoria-sostenibilidad\/memoria-sostenibilidad-2019\/el-talento\/","og_locale":"es_ES","og_type":"article","og_title":"El Talento - Extracto Memoria Sostenibilidad | Corporaci\u00f3n GPF","og_description":"Vivir en diversidad e igualdad significa contar con una cultura variada e inclusiva, que reconoce en el otro lo que lo hace \u00fanico y diferente.Entre los colaboradores, se han creado espacios de inclusi\u00f3n como es el caso del personal con discapacidad (PCD), tanto en puntos de venta como en el Centro de Abastecimiento, quienes son...","og_url":"https:\/\/www.corporaciongpf.com\/memoria-sostenibilidad\/memoria-sostenibilidad-2019\/el-talento\/","og_site_name":"Extracto Memoria Sostenibilidad | Corporaci\u00f3n GPF","article_modified_time":"2020-08-07T21:12:19+00:00","twitter_card":"summary_large_image","twitter_misc":{"Tiempo de lectura":"3 minutos"},"schema":{"@context":"https:\/\/schema.org","@graph":[{"@type":"WebPage","@id":"https:\/\/www.corporaciongpf.com\/memoria-sostenibilidad\/memoria-sostenibilidad-2019\/el-talento\/","url":"https:\/\/www.corporaciongpf.com\/memoria-sostenibilidad\/memoria-sostenibilidad-2019\/el-talento\/","name":"El Talento - Extracto Memoria Sostenibilidad | Corporaci\u00f3n GPF","isPartOf":{"@id":"https:\/\/www.corporaciongpf.com\/memoria-sostenibilidad\/#website"},"datePublished":"2020-08-06T22:56:19+00:00","dateModified":"2020-08-07T21:12:19+00:00","breadcrumb":{"@id":"https:\/\/www.corporaciongpf.com\/memoria-sostenibilidad\/memoria-sostenibilidad-2019\/el-talento\/#breadcrumb"},"inLanguage":"es","potentialAction":[{"@type":"ReadAction","target":["https:\/\/www.corporaciongpf.com\/memoria-sostenibilidad\/memoria-sostenibilidad-2019\/el-talento\/"]}]},{"@type":"BreadcrumbList","@id":"https:\/\/www.corporaciongpf.com\/memoria-sostenibilidad\/memoria-sostenibilidad-2019\/el-talento\/#breadcrumb","itemListElement":[{"@type":"ListItem","position":1,"name":"Portada","item":"https:\/\/www.corporaciongpf.com\/memoria-sostenibilidad\/"},{"@type":"ListItem","position":2,"name":"Memoria de Sostenibilidad 2019","item":"https:\/\/www.corporaciongpf.com\/memoria-sostenibilidad\/memoria-sostenibilidad-2019\/"},{"@type":"ListItem","position":3,"name":"El Talento"}]},{"@type":"WebSite","@id":"https:\/\/www.corporaciongpf.com\/memoria-sostenibilidad\/#website","url":"https:\/\/www.corporaciongpf.com\/memoria-sostenibilidad\/","name":"Extracto Memoria Sostenibilidad | Corporaci\u00f3n GPF","description":"Este es un extracto de la sexta Memoria de Sostenibilidad consecutiva publicada por la compa\u00f1\u00eda","potentialAction":[{"@type":"SearchAction","target":{"@type":"EntryPoint","urlTemplate":"https:\/\/www.corporaciongpf.com\/memoria-sostenibilidad\/?s={search_term_string}"},"query-input":{"@type":"PropertyValueSpecification","valueRequired":true,"valueName":"search_term_string"}}],"inLanguage":"es"}]}},"_links":{"self":[{"href":"https:\/\/www.corporaciongpf.com\/memoria-sostenibilidad\/wp-json\/wp\/v2\/pages\/2049","targetHints":{"allow":["GET"]}}],"collection":[{"href":"https:\/\/www.corporaciongpf.com\/memoria-sostenibilidad\/wp-json\/wp\/v2\/pages"}],"about":[{"href":"https:\/\/www.corporaciongpf.com\/memoria-sostenibilidad\/wp-json\/wp\/v2\/types\/page"}],"author":[{"embeddable":true,"href":"https:\/\/www.corporaciongpf.com\/memoria-sostenibilidad\/wp-json\/wp\/v2\/users\/1"}],"replies":[{"embeddable":true,"href":"https:\/\/www.corporaciongpf.com\/memoria-sostenibilidad\/wp-json\/wp\/v2\/comments?post=2049"}],"version-history":[{"count":24,"href":"https:\/\/www.corporaciongpf.com\/memoria-sostenibilidad\/wp-json\/wp\/v2\/pages\/2049\/revisions"}],"predecessor-version":[{"id":2222,"href":"https:\/\/www.corporaciongpf.com\/memoria-sostenibilidad\/wp-json\/wp\/v2\/pages\/2049\/revisions\/2222"}],"up":[{"embeddable":true,"href":"https:\/\/www.corporaciongpf.com\/memoria-sostenibilidad\/wp-json\/wp\/v2\/pages\/2025"}],"wp:attachment":[{"href":"https:\/\/www.corporaciongpf.com\/memoria-sostenibilidad\/wp-json\/wp\/v2\/media?parent=2049"}],"curies":[{"name":"wp","href":"https:\/\/api.w.org\/{rel}","templated":true}]}}

<p>Vivir en diversidad e igualdad significa contar con una cultura variada e inclusiva, que reconoce en el otro lo que lo hace único y diferente.Entre los colaboradores, se han creado espacios de inclusión como es el caso del personal con discapacidad (PCD), tanto en puntos de venta como en el Centro de Abastecimiento, quienes son&#8230;</p>

<!-- This site is optimized with the Yoast SEO plugin v26.0 - https://yoast.com/wordpress/plugins/seo/ -->
<title>El Talento - Extracto Memoria Sostenibilidad | Corporación GPF</title>
<meta name="robots" content="index, follow, max-snippet:-1, max-image-preview:large, max-video-preview:-1" />
<link rel="canonical" href="https://www.corporaciongpf.com/memoria-sostenibilidad/memoria-sostenibilidad-2019/el-talento/" />
<meta property="og:locale" content="es_ES" />
<meta property="og:type" content="article" />
<meta property="og:title" content="El Talento - Extracto Memoria Sostenibilidad | Corporación GPF" />
<meta property="og:description" content="Vivir en diversidad e igualdad significa contar con una cultura variada e inclusiva, que reconoce en el otro lo que lo hace único y diferente.Entre los colaboradores, se han creado espacios de inclusión como es el caso del personal con discapacidad (PCD), tanto en puntos de venta como en el Centro de Abastecimiento, quienes son..." />
<meta property="og:url" content="https://www.corporaciongpf.com/memoria-sostenibilidad/memoria-sostenibilidad-2019/el-talento/" />
<meta property="og:site_name" content="Extracto Memoria Sostenibilidad | Corporación GPF" />
<meta property="article:modified_time" content="2020-08-07T21:12:19+00:00" />
<meta name="twitter:card" content="summary_large_image" />
<meta name="twitter:label1" content="Tiempo de lectura" />
	<meta name="twitter:data1" content="3 minutos" />
<script type="application/ld+json" class="yoast-schema-graph">{"@context":"https://schema.org","@graph":[{"@type":"WebPage","@id":"https://www.corporaciongpf.com/memoria-sostenibilidad/memoria-sostenibilidad-2019/el-talento/","url":"https://www.corporaciongpf.com/memoria-sostenibilidad/memoria-sostenibilidad-2019/el-talento/","name":"El Talento - Extracto Memoria Sostenibilidad | Corporación GPF","isPartOf":{"@id":"https://www.corporaciongpf.com/memoria-sostenibilidad/#website"},"datePublished":"2020-08-06T22:56:19+00:00","dateModified":"2020-08-07T21:12:19+00:00","breadcrumb":{"@id":"https://www.corporaciongpf.com/memoria-sostenibilidad/memoria-sostenibilidad-2019/el-talento/#breadcrumb"},"inLanguage":"es","potentialAction":[{"@type":"ReadAction","target":["https://www.corporaciongpf.com/memoria-sostenibilidad/memoria-sostenibilidad-2019/el-talento/"]}]},{"@type":"BreadcrumbList","@id":"https://www.corporaciongpf.com/memoria-sostenibilidad/memoria-sostenibilidad-2019/el-talento/#breadcrumb","itemListElement":[{"@type":"ListItem","position":1,"name":"Portada","item":"https://www.corporaciongpf.com/memoria-sostenibilidad/"},{"@type":"ListItem","position":2,"name":"Memoria de Sostenibilidad 2019","item":"https://www.corporaciongpf.com/memoria-sostenibilidad/memoria-sostenibilidad-2019/"},{"@type":"ListItem","position":3,"name":"El Talento"}]},{"@type":"WebSite","@id":"https://www.corporaciongpf.com/memoria-sostenibilidad/#website","url":"https://www.corporaciongpf.com/memoria-sostenibilidad/","name":"Extracto Memoria Sostenibilidad | Corporación GPF","description":"Este es un extracto de la sexta Memoria de Sostenibilidad consecutiva publicada por la compañía","potentialAction":[{"@type":"SearchAction","target":{"@type":"EntryPoint","urlTemplate":"https://www.corporaciongpf.com/memoria-sostenibilidad/?s={search_term_string}"},"query-input":{"@type":"PropertyValueSpecification","valueRequired":true,"valueName":"search_term_string"}}],"inLanguage":"es"}]}</script>
<!-- / Yoast SEO plugin. -->

El Talento - Extracto Memoria Sostenibilidad | Corporación GPF

Vivir en diversidad e igualdad significa contar con una cultura variada e inclusiva, que reconoce en el otro lo que lo hace único y diferente.Entre los colaboradores, se han creado espacios de inclusión como es el caso del personal con discapacidad (PCD), tanto en puntos de venta como en el Centro de Abastecimiento, quienes son...

Extracto Memoria Sostenibilidad | Corporación GPF

Este es un extracto de la sexta Memoria de Sostenibilidad consecutiva publicada por la compañía
