{"id":2095,"date":"2020-08-07T00:17:11","date_gmt":"2020-08-07T00:17:11","guid":{"rendered":"https:\/\/www.corporaciongpf.com\/memoria-sostenibilidad\/?page_id=2095"},"modified":"2020-08-07T19:45:05","modified_gmt":"2020-08-07T19:45:05","slug":"productos-distribucion","status":"publish","type":"page","link":"https:\/\/www.corporaciongpf.com\/memoria-sostenibilidad\/memoria-sostenibilidad-2019\/productos-distribucion\/","title":{"rendered":"Los Productos y su Distribuci\u00f3n"},"content":{"rendered":"<style type=\"text\/css\"><\/style><div id=\"cs-content\" class=\"cs-content\"><\/div>\n","protected":false},"excerpt":{"rendered":"<p>El Centro de Abastecimiento es el primer centro automatizado del Ecuador, gracias a la tecnolog\u00eda de punta con la que cuenta optimiza la disponibilidad de stock en los puntos de venta a nivel nacional, mejorando considerablemente la eficiencia del servicio al cliente.Las pol\u00edticas y pr\u00e1cticas en relaci\u00f3n con el control de calidad que se despliegan&#8230;<\/p>\n","protected":false},"author":1,"featured_media":0,"parent":2025,"menu_order":0,"comment_status":"closed","ping_status":"closed","template":"","meta":{"footnotes":""},"class_list":["post-2095","page","type-page","status-publish","hentry"],"yoast_head":"<!-- This site is optimized with the Yoast SEO plugin v26.0 - https:\/\/yoast.com\/wordpress\/plugins\/seo\/ -->\n<title>Los Productos y su Distribuci\u00f3n - Extracto Memoria Sostenibilidad | Corporaci\u00f3n GPF<\/title>\n<meta name=\"robots\" content=\"index, follow, max-snippet:-1, max-image-preview:large, max-video-preview:-1\" \/>\n<link rel=\"canonical\" href=\"https:\/\/www.corporaciongpf.com\/memoria-sostenibilidad\/memoria-sostenibilidad-2019\/productos-distribucion\/\" \/>\n<meta property=\"og:locale\" content=\"es_ES\" \/>\n<meta property=\"og:type\" content=\"article\" \/>\n<meta property=\"og:title\" content=\"Los Productos y su Distribuci\u00f3n - Extracto Memoria Sostenibilidad | Corporaci\u00f3n GPF\" \/>\n<meta property=\"og:description\" content=\"El Centro de Abastecimiento es el primer centro automatizado del Ecuador, gracias a la tecnolog\u00eda de punta con la que cuenta optimiza la disponibilidad de stock en los puntos de venta a nivel nacional, mejorando considerablemente la eficiencia del servicio al cliente.Las pol\u00edticas y pr\u00e1cticas en relaci\u00f3n con el control de calidad que se despliegan...\" \/>\n<meta property=\"og:url\" content=\"https:\/\/www.corporaciongpf.com\/memoria-sostenibilidad\/memoria-sostenibilidad-2019\/productos-distribucion\/\" \/>\n<meta property=\"og:site_name\" content=\"Extracto Memoria Sostenibilidad | Corporaci\u00f3n GPF\" \/>\n<meta property=\"article:modified_time\" content=\"2020-08-07T19:45:05+00:00\" \/>\n<meta name=\"twitter:card\" content=\"summary_large_image\" \/>\n<meta name=\"twitter:label1\" content=\"Tiempo de lectura\" \/>\n\t<meta name=\"twitter:data1\" content=\"2 minutos\" \/>\n<script type=\"application\/ld+json\" class=\"yoast-schema-graph\">{\"@context\":\"https:\/\/schema.org\",\"@graph\":[{\"@type\":\"WebPage\",\"@id\":\"https:\/\/www.corporaciongpf.com\/memoria-sostenibilidad\/memoria-sostenibilidad-2019\/productos-distribucion\/\",\"url\":\"https:\/\/www.corporaciongpf.com\/memoria-sostenibilidad\/memoria-sostenibilidad-2019\/productos-distribucion\/\",\"name\":\"Los Productos y su Distribuci\u00f3n - Extracto Memoria Sostenibilidad | Corporaci\u00f3n GPF\",\"isPartOf\":{\"@id\":\"https:\/\/www.corporaciongpf.com\/memoria-sostenibilidad\/#website\"},\"datePublished\":\"2020-08-07T00:17:11+00:00\",\"dateModified\":\"2020-08-07T19:45:05+00:00\",\"breadcrumb\":{\"@id\":\"https:\/\/www.corporaciongpf.com\/memoria-sostenibilidad\/memoria-sostenibilidad-2019\/productos-distribucion\/#breadcrumb\"},\"inLanguage\":\"es\",\"potentialAction\":[{\"@type\":\"ReadAction\",\"target\":[\"https:\/\/www.corporaciongpf.com\/memoria-sostenibilidad\/memoria-sostenibilidad-2019\/productos-distribucion\/\"]}]},{\"@type\":\"BreadcrumbList\",\"@id\":\"https:\/\/www.corporaciongpf.com\/memoria-sostenibilidad\/memoria-sostenibilidad-2019\/productos-distribucion\/#breadcrumb\",\"itemListElement\":[{\"@type\":\"ListItem\",\"position\":1,\"name\":\"Portada\",\"item\":\"https:\/\/www.corporaciongpf.com\/memoria-sostenibilidad\/\"},{\"@type\":\"ListItem\",\"position\":2,\"name\":\"Memoria de Sostenibilidad 2019\",\"item\":\"https:\/\/www.corporaciongpf.com\/memoria-sostenibilidad\/memoria-sostenibilidad-2019\/\"},{\"@type\":\"ListItem\",\"position\":3,\"name\":\"Los Productos y su Distribuci\u00f3n\"}]},{\"@type\":\"WebSite\",\"@id\":\"https:\/\/www.corporaciongpf.com\/memoria-sostenibilidad\/#website\",\"url\":\"https:\/\/www.corporaciongpf.com\/memoria-sostenibilidad\/\",\"name\":\"Extracto Memoria Sostenibilidad | Corporaci\u00f3n GPF\",\"description\":\"Este es un extracto de la sexta Memoria de Sostenibilidad consecutiva publicada por la compa\u00f1\u00eda\",\"potentialAction\":[{\"@type\":\"SearchAction\",\"target\":{\"@type\":\"EntryPoint\",\"urlTemplate\":\"https:\/\/www.corporaciongpf.com\/memoria-sostenibilidad\/?s={search_term_string}\"},\"query-input\":{\"@type\":\"PropertyValueSpecification\",\"valueRequired\":true,\"valueName\":\"search_term_string\"}}],\"inLanguage\":\"es\"}]}<\/script>\n<!-- \/ Yoast SEO plugin. -->","yoast_head_json":{"title":"Los Productos y su Distribuci\u00f3n - Extracto Memoria Sostenibilidad | Corporaci\u00f3n GPF","robots":{"index":"index","follow":"follow","max-snippet":"max-snippet:-1","max-image-preview":"max-image-preview:large","max-video-preview":"max-video-preview:-1"},"canonical":"https:\/\/www.corporaciongpf.com\/memoria-sostenibilidad\/memoria-sostenibilidad-2019\/productos-distribucion\/","og_locale":"es_ES","og_type":"article","og_title":"Los Productos y su Distribuci\u00f3n - Extracto Memoria Sostenibilidad | Corporaci\u00f3n GPF","og_description":"El Centro de Abastecimiento es el primer centro automatizado del Ecuador, gracias a la tecnolog\u00eda de punta con la que cuenta optimiza la disponibilidad de stock en los puntos de venta a nivel nacional, mejorando considerablemente la eficiencia del servicio al cliente.Las pol\u00edticas y pr\u00e1cticas en relaci\u00f3n con el control de calidad que se despliegan...","og_url":"https:\/\/www.corporaciongpf.com\/memoria-sostenibilidad\/memoria-sostenibilidad-2019\/productos-distribucion\/","og_site_name":"Extracto Memoria Sostenibilidad | Corporaci\u00f3n GPF","article_modified_time":"2020-08-07T19:45:05+00:00","twitter_card":"summary_large_image","twitter_misc":{"Tiempo de lectura":"2 minutos"},"schema":{"@context":"https:\/\/schema.org","@graph":[{"@type":"WebPage","@id":"https:\/\/www.corporaciongpf.com\/memoria-sostenibilidad\/memoria-sostenibilidad-2019\/productos-distribucion\/","url":"https:\/\/www.corporaciongpf.com\/memoria-sostenibilidad\/memoria-sostenibilidad-2019\/productos-distribucion\/","name":"Los Productos y su Distribuci\u00f3n - Extracto Memoria Sostenibilidad | Corporaci\u00f3n GPF","isPartOf":{"@id":"https:\/\/www.corporaciongpf.com\/memoria-sostenibilidad\/#website"},"datePublished":"2020-08-07T00:17:11+00:00","dateModified":"2020-08-07T19:45:05+00:00","breadcrumb":{"@id":"https:\/\/www.corporaciongpf.com\/memoria-sostenibilidad\/memoria-sostenibilidad-2019\/productos-distribucion\/#breadcrumb"},"inLanguage":"es","potentialAction":[{"@type":"ReadAction","target":["https:\/\/www.corporaciongpf.com\/memoria-sostenibilidad\/memoria-sostenibilidad-2019\/productos-distribucion\/"]}]},{"@type":"BreadcrumbList","@id":"https:\/\/www.corporaciongpf.com\/memoria-sostenibilidad\/memoria-sostenibilidad-2019\/productos-distribucion\/#breadcrumb","itemListElement":[{"@type":"ListItem","position":1,"name":"Portada","item":"https:\/\/www.corporaciongpf.com\/memoria-sostenibilidad\/"},{"@type":"ListItem","position":2,"name":"Memoria de Sostenibilidad 2019","item":"https:\/\/www.corporaciongpf.com\/memoria-sostenibilidad\/memoria-sostenibilidad-2019\/"},{"@type":"ListItem","position":3,"name":"Los Productos y su Distribuci\u00f3n"}]},{"@type":"WebSite","@id":"https:\/\/www.corporaciongpf.com\/memoria-sostenibilidad\/#website","url":"https:\/\/www.corporaciongpf.com\/memoria-sostenibilidad\/","name":"Extracto Memoria Sostenibilidad | Corporaci\u00f3n GPF","description":"Este es un extracto de la sexta Memoria de Sostenibilidad consecutiva publicada por la compa\u00f1\u00eda","potentialAction":[{"@type":"SearchAction","target":{"@type":"EntryPoint","urlTemplate":"https:\/\/www.corporaciongpf.com\/memoria-sostenibilidad\/?s={search_term_string}"},"query-input":{"@type":"PropertyValueSpecification","valueRequired":true,"valueName":"search_term_string"}}],"inLanguage":"es"}]}},"_links":{"self":[{"href":"https:\/\/www.corporaciongpf.com\/memoria-sostenibilidad\/wp-json\/wp\/v2\/pages\/2095","targetHints":{"allow":["GET"]}}],"collection":[{"href":"https:\/\/www.corporaciongpf.com\/memoria-sostenibilidad\/wp-json\/wp\/v2\/pages"}],"about":[{"href":"https:\/\/www.corporaciongpf.com\/memoria-sostenibilidad\/wp-json\/wp\/v2\/types\/page"}],"author":[{"embeddable":true,"href":"https:\/\/www.corporaciongpf.com\/memoria-sostenibilidad\/wp-json\/wp\/v2\/users\/1"}],"replies":[{"embeddable":true,"href":"https:\/\/www.corporaciongpf.com\/memoria-sostenibilidad\/wp-json\/wp\/v2\/comments?post=2095"}],"version-history":[{"count":10,"href":"https:\/\/www.corporaciongpf.com\/memoria-sostenibilidad\/wp-json\/wp\/v2\/pages\/2095\/revisions"}],"predecessor-version":[{"id":2164,"href":"https:\/\/www.corporaciongpf.com\/memoria-sostenibilidad\/wp-json\/wp\/v2\/pages\/2095\/revisions\/2164"}],"up":[{"embeddable":true,"href":"https:\/\/www.corporaciongpf.com\/memoria-sostenibilidad\/wp-json\/wp\/v2\/pages\/2025"}],"wp:attachment":[{"href":"https:\/\/www.corporaciongpf.com\/memoria-sostenibilidad\/wp-json\/wp\/v2\/media?parent=2095"}],"curies":[{"name":"wp","href":"https:\/\/api.w.org\/{rel}","templated":true}]}}

Los Productos y su Distribución

<p>El Centro de Abastecimiento es el primer centro automatizado del Ecuador, gracias a la tecnología de punta con la que cuenta optimiza la disponibilidad de stock en los puntos de venta a nivel nacional, mejorando considerablemente la eficiencia del servicio al cliente.Las políticas y prácticas en relación con el control de calidad que se despliegan&#8230;</p>

<!-- This site is optimized with the Yoast SEO plugin v26.0 - https://yoast.com/wordpress/plugins/seo/ -->
<title>Los Productos y su Distribución - Extracto Memoria Sostenibilidad | Corporación GPF</title>
<meta name="robots" content="index, follow, max-snippet:-1, max-image-preview:large, max-video-preview:-1" />
<link rel="canonical" href="https://www.corporaciongpf.com/memoria-sostenibilidad/memoria-sostenibilidad-2019/productos-distribucion/" />
<meta property="og:locale" content="es_ES" />
<meta property="og:type" content="article" />
<meta property="og:title" content="Los Productos y su Distribución - Extracto Memoria Sostenibilidad | Corporación GPF" />
<meta property="og:description" content="El Centro de Abastecimiento es el primer centro automatizado del Ecuador, gracias a la tecnología de punta con la que cuenta optimiza la disponibilidad de stock en los puntos de venta a nivel nacional, mejorando considerablemente la eficiencia del servicio al cliente.Las políticas y prácticas en relación con el control de calidad que se despliegan..." />
<meta property="og:url" content="https://www.corporaciongpf.com/memoria-sostenibilidad/memoria-sostenibilidad-2019/productos-distribucion/" />
<meta property="og:site_name" content="Extracto Memoria Sostenibilidad | Corporación GPF" />
<meta property="article:modified_time" content="2020-08-07T19:45:05+00:00" />
<meta name="twitter:card" content="summary_large_image" />
<meta name="twitter:label1" content="Tiempo de lectura" />
	<meta name="twitter:data1" content="2 minutos" />
<script type="application/ld+json" class="yoast-schema-graph">{"@context":"https://schema.org","@graph":[{"@type":"WebPage","@id":"https://www.corporaciongpf.com/memoria-sostenibilidad/memoria-sostenibilidad-2019/productos-distribucion/","url":"https://www.corporaciongpf.com/memoria-sostenibilidad/memoria-sostenibilidad-2019/productos-distribucion/","name":"Los Productos y su Distribución - Extracto Memoria Sostenibilidad | Corporación GPF","isPartOf":{"@id":"https://www.corporaciongpf.com/memoria-sostenibilidad/#website"},"datePublished":"2020-08-07T00:17:11+00:00","dateModified":"2020-08-07T19:45:05+00:00","breadcrumb":{"@id":"https://www.corporaciongpf.com/memoria-sostenibilidad/memoria-sostenibilidad-2019/productos-distribucion/#breadcrumb"},"inLanguage":"es","potentialAction":[{"@type":"ReadAction","target":["https://www.corporaciongpf.com/memoria-sostenibilidad/memoria-sostenibilidad-2019/productos-distribucion/"]}]},{"@type":"BreadcrumbList","@id":"https://www.corporaciongpf.com/memoria-sostenibilidad/memoria-sostenibilidad-2019/productos-distribucion/#breadcrumb","itemListElement":[{"@type":"ListItem","position":1,"name":"Portada","item":"https://www.corporaciongpf.com/memoria-sostenibilidad/"},{"@type":"ListItem","position":2,"name":"Memoria de Sostenibilidad 2019","item":"https://www.corporaciongpf.com/memoria-sostenibilidad/memoria-sostenibilidad-2019/"},{"@type":"ListItem","position":3,"name":"Los Productos y su Distribución"}]},{"@type":"WebSite","@id":"https://www.corporaciongpf.com/memoria-sostenibilidad/#website","url":"https://www.corporaciongpf.com/memoria-sostenibilidad/","name":"Extracto Memoria Sostenibilidad | Corporación GPF","description":"Este es un extracto de la sexta Memoria de Sostenibilidad consecutiva publicada por la compañía","potentialAction":[{"@type":"SearchAction","target":{"@type":"EntryPoint","urlTemplate":"https://www.corporaciongpf.com/memoria-sostenibilidad/?s={search_term_string}"},"query-input":{"@type":"PropertyValueSpecification","valueRequired":true,"valueName":"search_term_string"}}],"inLanguage":"es"}]}</script>
<!-- / Yoast SEO plugin. -->

Los Productos y su Distribución - Extracto Memoria Sostenibilidad | Corporación GPF

El Centro de Abastecimiento es el primer centro automatizado del Ecuador, gracias a la tecnología de punta con la que cuenta optimiza la disponibilidad de stock en los puntos de venta a nivel nacional, mejorando considerablemente la eficiencia del servicio al cliente.Las políticas y prácticas en relación con el control de calidad que se despliegan...

Extracto Memoria Sostenibilidad | Corporación GPF

Este es un extracto de la sexta Memoria de Sostenibilidad consecutiva publicada por la compañía
