{"id":2670,"date":"2022-05-31T05:55:22","date_gmt":"2022-05-31T05:55:22","guid":{"rendered":"https:\/\/www.corporaciongpf.com\/memoria-sostenibilidad\/?page_id=2670"},"modified":"2022-06-06T22:00:58","modified_gmt":"2022-06-06T22:00:58","slug":"nuestra-gente","status":"publish","type":"page","link":"https:\/\/www.corporaciongpf.com\/memoria-sostenibilidad\/memoria-sostenibilidad-2021\/nuestra-gente\/","title":{"rendered":"Nuestra Gente"},"content":{"rendered":"<style type=\"text\/css\"><\/style><div id=\"cs-content\" class=\"cs-content\"><\/div>\n","protected":false},"excerpt":{"rendered":"<p>NUESTRA GENTE Corporaci\u00f3n GPF es un lugar atractivo para trabajar y crecer, donde el capital humano es considerado el activo m\u00e1s importante. Para la empresa, el desarrollo de talento involucra generar oportunidades con el prop\u00f3sito de que los colaboradores puedan avanzar dentro de la compa\u00f1\u00eda, cumplir sus metas, objetivos personales y organizacionales, a trav\u00e9s de&#8230;<\/p>\n","protected":false},"author":1,"featured_media":0,"parent":2589,"menu_order":0,"comment_status":"closed","ping_status":"closed","template":"","meta":{"footnotes":""},"class_list":["post-2670","page","type-page","status-publish","hentry"],"yoast_head":"<!-- This site is optimized with the Yoast SEO plugin v26.0 - https:\/\/yoast.com\/wordpress\/plugins\/seo\/ -->\n<title>Nuestra Gente - Extracto Memoria Sostenibilidad | Corporaci\u00f3n GPF<\/title>\n<meta name=\"robots\" content=\"index, follow, max-snippet:-1, max-image-preview:large, max-video-preview:-1\" \/>\n<link rel=\"canonical\" href=\"https:\/\/www.corporaciongpf.com\/memoria-sostenibilidad\/memoria-sostenibilidad-2021\/nuestra-gente\/\" \/>\n<meta property=\"og:locale\" content=\"es_ES\" \/>\n<meta property=\"og:type\" content=\"article\" \/>\n<meta property=\"og:title\" content=\"Nuestra Gente - Extracto Memoria Sostenibilidad | Corporaci\u00f3n GPF\" \/>\n<meta property=\"og:description\" content=\"NUESTRA GENTE Corporaci\u00f3n GPF es un lugar atractivo para trabajar y crecer, donde el capital humano es considerado el activo m\u00e1s importante. Para la empresa, el desarrollo de talento involucra generar oportunidades con el prop\u00f3sito de que los colaboradores puedan avanzar dentro de la compa\u00f1\u00eda, cumplir sus metas, objetivos personales y organizacionales, a trav\u00e9s de...\" \/>\n<meta property=\"og:url\" content=\"https:\/\/www.corporaciongpf.com\/memoria-sostenibilidad\/memoria-sostenibilidad-2021\/nuestra-gente\/\" \/>\n<meta property=\"og:site_name\" content=\"Extracto Memoria Sostenibilidad | Corporaci\u00f3n GPF\" \/>\n<meta property=\"article:modified_time\" content=\"2022-06-06T22:00:58+00:00\" \/>\n<meta name=\"twitter:card\" content=\"summary_large_image\" \/>\n<meta name=\"twitter:label1\" content=\"Tiempo de lectura\" \/>\n\t<meta name=\"twitter:data1\" content=\"2 minutos\" \/>\n<script type=\"application\/ld+json\" class=\"yoast-schema-graph\">{\"@context\":\"https:\/\/schema.org\",\"@graph\":[{\"@type\":\"WebPage\",\"@id\":\"https:\/\/www.corporaciongpf.com\/memoria-sostenibilidad\/memoria-sostenibilidad-2021\/nuestra-gente\/\",\"url\":\"https:\/\/www.corporaciongpf.com\/memoria-sostenibilidad\/memoria-sostenibilidad-2021\/nuestra-gente\/\",\"name\":\"Nuestra Gente - Extracto Memoria Sostenibilidad | Corporaci\u00f3n GPF\",\"isPartOf\":{\"@id\":\"https:\/\/www.corporaciongpf.com\/memoria-sostenibilidad\/#website\"},\"datePublished\":\"2022-05-31T05:55:22+00:00\",\"dateModified\":\"2022-06-06T22:00:58+00:00\",\"breadcrumb\":{\"@id\":\"https:\/\/www.corporaciongpf.com\/memoria-sostenibilidad\/memoria-sostenibilidad-2021\/nuestra-gente\/#breadcrumb\"},\"inLanguage\":\"es\",\"potentialAction\":[{\"@type\":\"ReadAction\",\"target\":[\"https:\/\/www.corporaciongpf.com\/memoria-sostenibilidad\/memoria-sostenibilidad-2021\/nuestra-gente\/\"]}]},{\"@type\":\"BreadcrumbList\",\"@id\":\"https:\/\/www.corporaciongpf.com\/memoria-sostenibilidad\/memoria-sostenibilidad-2021\/nuestra-gente\/#breadcrumb\",\"itemListElement\":[{\"@type\":\"ListItem\",\"position\":1,\"name\":\"Portada\",\"item\":\"https:\/\/www.corporaciongpf.com\/memoria-sostenibilidad\/\"},{\"@type\":\"ListItem\",\"position\":2,\"name\":\"Memoria de Sostenibilidad 2021\",\"item\":\"https:\/\/www.corporaciongpf.com\/memoria-sostenibilidad\/memoria-sostenibilidad-2021\/\"},{\"@type\":\"ListItem\",\"position\":3,\"name\":\"Nuestra Gente\"}]},{\"@type\":\"WebSite\",\"@id\":\"https:\/\/www.corporaciongpf.com\/memoria-sostenibilidad\/#website\",\"url\":\"https:\/\/www.corporaciongpf.com\/memoria-sostenibilidad\/\",\"name\":\"Extracto Memoria Sostenibilidad | Corporaci\u00f3n GPF\",\"description\":\"Este es un extracto de la sexta Memoria de Sostenibilidad consecutiva publicada por la compa\u00f1\u00eda\",\"potentialAction\":[{\"@type\":\"SearchAction\",\"target\":{\"@type\":\"EntryPoint\",\"urlTemplate\":\"https:\/\/www.corporaciongpf.com\/memoria-sostenibilidad\/?s={search_term_string}\"},\"query-input\":{\"@type\":\"PropertyValueSpecification\",\"valueRequired\":true,\"valueName\":\"search_term_string\"}}],\"inLanguage\":\"es\"}]}<\/script>\n<!-- \/ Yoast SEO plugin. -->","yoast_head_json":{"title":"Nuestra Gente - Extracto Memoria Sostenibilidad | Corporaci\u00f3n GPF","robots":{"index":"index","follow":"follow","max-snippet":"max-snippet:-1","max-image-preview":"max-image-preview:large","max-video-preview":"max-video-preview:-1"},"canonical":"https:\/\/www.corporaciongpf.com\/memoria-sostenibilidad\/memoria-sostenibilidad-2021\/nuestra-gente\/","og_locale":"es_ES","og_type":"article","og_title":"Nuestra Gente - Extracto Memoria Sostenibilidad | Corporaci\u00f3n GPF","og_description":"NUESTRA GENTE Corporaci\u00f3n GPF es un lugar atractivo para trabajar y crecer, donde el capital humano es considerado el activo m\u00e1s importante. Para la empresa, el desarrollo de talento involucra generar oportunidades con el prop\u00f3sito de que los colaboradores puedan avanzar dentro de la compa\u00f1\u00eda, cumplir sus metas, objetivos personales y organizacionales, a trav\u00e9s de...","og_url":"https:\/\/www.corporaciongpf.com\/memoria-sostenibilidad\/memoria-sostenibilidad-2021\/nuestra-gente\/","og_site_name":"Extracto Memoria Sostenibilidad | Corporaci\u00f3n GPF","article_modified_time":"2022-06-06T22:00:58+00:00","twitter_card":"summary_large_image","twitter_misc":{"Tiempo de lectura":"2 minutos"},"schema":{"@context":"https:\/\/schema.org","@graph":[{"@type":"WebPage","@id":"https:\/\/www.corporaciongpf.com\/memoria-sostenibilidad\/memoria-sostenibilidad-2021\/nuestra-gente\/","url":"https:\/\/www.corporaciongpf.com\/memoria-sostenibilidad\/memoria-sostenibilidad-2021\/nuestra-gente\/","name":"Nuestra Gente - Extracto Memoria Sostenibilidad | Corporaci\u00f3n GPF","isPartOf":{"@id":"https:\/\/www.corporaciongpf.com\/memoria-sostenibilidad\/#website"},"datePublished":"2022-05-31T05:55:22+00:00","dateModified":"2022-06-06T22:00:58+00:00","breadcrumb":{"@id":"https:\/\/www.corporaciongpf.com\/memoria-sostenibilidad\/memoria-sostenibilidad-2021\/nuestra-gente\/#breadcrumb"},"inLanguage":"es","potentialAction":[{"@type":"ReadAction","target":["https:\/\/www.corporaciongpf.com\/memoria-sostenibilidad\/memoria-sostenibilidad-2021\/nuestra-gente\/"]}]},{"@type":"BreadcrumbList","@id":"https:\/\/www.corporaciongpf.com\/memoria-sostenibilidad\/memoria-sostenibilidad-2021\/nuestra-gente\/#breadcrumb","itemListElement":[{"@type":"ListItem","position":1,"name":"Portada","item":"https:\/\/www.corporaciongpf.com\/memoria-sostenibilidad\/"},{"@type":"ListItem","position":2,"name":"Memoria de Sostenibilidad 2021","item":"https:\/\/www.corporaciongpf.com\/memoria-sostenibilidad\/memoria-sostenibilidad-2021\/"},{"@type":"ListItem","position":3,"name":"Nuestra Gente"}]},{"@type":"WebSite","@id":"https:\/\/www.corporaciongpf.com\/memoria-sostenibilidad\/#website","url":"https:\/\/www.corporaciongpf.com\/memoria-sostenibilidad\/","name":"Extracto Memoria Sostenibilidad | Corporaci\u00f3n GPF","description":"Este es un extracto de la sexta Memoria de Sostenibilidad consecutiva publicada por la compa\u00f1\u00eda","potentialAction":[{"@type":"SearchAction","target":{"@type":"EntryPoint","urlTemplate":"https:\/\/www.corporaciongpf.com\/memoria-sostenibilidad\/?s={search_term_string}"},"query-input":{"@type":"PropertyValueSpecification","valueRequired":true,"valueName":"search_term_string"}}],"inLanguage":"es"}]}},"_links":{"self":[{"href":"https:\/\/www.corporaciongpf.com\/memoria-sostenibilidad\/wp-json\/wp\/v2\/pages\/2670","targetHints":{"allow":["GET"]}}],"collection":[{"href":"https:\/\/www.corporaciongpf.com\/memoria-sostenibilidad\/wp-json\/wp\/v2\/pages"}],"about":[{"href":"https:\/\/www.corporaciongpf.com\/memoria-sostenibilidad\/wp-json\/wp\/v2\/types\/page"}],"author":[{"embeddable":true,"href":"https:\/\/www.corporaciongpf.com\/memoria-sostenibilidad\/wp-json\/wp\/v2\/users\/1"}],"replies":[{"embeddable":true,"href":"https:\/\/www.corporaciongpf.com\/memoria-sostenibilidad\/wp-json\/wp\/v2\/comments?post=2670"}],"version-history":[{"count":3,"href":"https:\/\/www.corporaciongpf.com\/memoria-sostenibilidad\/wp-json\/wp\/v2\/pages\/2670\/revisions"}],"predecessor-version":[{"id":2676,"href":"https:\/\/www.corporaciongpf.com\/memoria-sostenibilidad\/wp-json\/wp\/v2\/pages\/2670\/revisions\/2676"}],"up":[{"embeddable":true,"href":"https:\/\/www.corporaciongpf.com\/memoria-sostenibilidad\/wp-json\/wp\/v2\/pages\/2589"}],"wp:attachment":[{"href":"https:\/\/www.corporaciongpf.com\/memoria-sostenibilidad\/wp-json\/wp\/v2\/media?parent=2670"}],"curies":[{"name":"wp","href":"https:\/\/api.w.org\/{rel}","templated":true}]}}

<p>NUESTRA GENTE Corporación GPF es un lugar atractivo para trabajar y crecer, donde el capital humano es considerado el activo más importante. Para la empresa, el desarrollo de talento involucra generar oportunidades con el propósito de que los colaboradores puedan avanzar dentro de la compañía, cumplir sus metas, objetivos personales y organizacionales, a través de&#8230;</p>

<!-- This site is optimized with the Yoast SEO plugin v26.0 - https://yoast.com/wordpress/plugins/seo/ -->
<title>Nuestra Gente - Extracto Memoria Sostenibilidad | Corporación GPF</title>
<meta name="robots" content="index, follow, max-snippet:-1, max-image-preview:large, max-video-preview:-1" />
<link rel="canonical" href="https://www.corporaciongpf.com/memoria-sostenibilidad/memoria-sostenibilidad-2021/nuestra-gente/" />
<meta property="og:locale" content="es_ES" />
<meta property="og:type" content="article" />
<meta property="og:title" content="Nuestra Gente - Extracto Memoria Sostenibilidad | Corporación GPF" />
<meta property="og:description" content="NUESTRA GENTE Corporación GPF es un lugar atractivo para trabajar y crecer, donde el capital humano es considerado el activo más importante. Para la empresa, el desarrollo de talento involucra generar oportunidades con el propósito de que los colaboradores puedan avanzar dentro de la compañía, cumplir sus metas, objetivos personales y organizacionales, a través de..." />
<meta property="og:url" content="https://www.corporaciongpf.com/memoria-sostenibilidad/memoria-sostenibilidad-2021/nuestra-gente/" />
<meta property="og:site_name" content="Extracto Memoria Sostenibilidad | Corporación GPF" />
<meta property="article:modified_time" content="2022-06-06T22:00:58+00:00" />
<meta name="twitter:card" content="summary_large_image" />
<meta name="twitter:label1" content="Tiempo de lectura" />
	<meta name="twitter:data1" content="2 minutos" />
<script type="application/ld+json" class="yoast-schema-graph">{"@context":"https://schema.org","@graph":[{"@type":"WebPage","@id":"https://www.corporaciongpf.com/memoria-sostenibilidad/memoria-sostenibilidad-2021/nuestra-gente/","url":"https://www.corporaciongpf.com/memoria-sostenibilidad/memoria-sostenibilidad-2021/nuestra-gente/","name":"Nuestra Gente - Extracto Memoria Sostenibilidad | Corporación GPF","isPartOf":{"@id":"https://www.corporaciongpf.com/memoria-sostenibilidad/#website"},"datePublished":"2022-05-31T05:55:22+00:00","dateModified":"2022-06-06T22:00:58+00:00","breadcrumb":{"@id":"https://www.corporaciongpf.com/memoria-sostenibilidad/memoria-sostenibilidad-2021/nuestra-gente/#breadcrumb"},"inLanguage":"es","potentialAction":[{"@type":"ReadAction","target":["https://www.corporaciongpf.com/memoria-sostenibilidad/memoria-sostenibilidad-2021/nuestra-gente/"]}]},{"@type":"BreadcrumbList","@id":"https://www.corporaciongpf.com/memoria-sostenibilidad/memoria-sostenibilidad-2021/nuestra-gente/#breadcrumb","itemListElement":[{"@type":"ListItem","position":1,"name":"Portada","item":"https://www.corporaciongpf.com/memoria-sostenibilidad/"},{"@type":"ListItem","position":2,"name":"Memoria de Sostenibilidad 2021","item":"https://www.corporaciongpf.com/memoria-sostenibilidad/memoria-sostenibilidad-2021/"},{"@type":"ListItem","position":3,"name":"Nuestra Gente"}]},{"@type":"WebSite","@id":"https://www.corporaciongpf.com/memoria-sostenibilidad/#website","url":"https://www.corporaciongpf.com/memoria-sostenibilidad/","name":"Extracto Memoria Sostenibilidad | Corporación GPF","description":"Este es un extracto de la sexta Memoria de Sostenibilidad consecutiva publicada por la compañía","potentialAction":[{"@type":"SearchAction","target":{"@type":"EntryPoint","urlTemplate":"https://www.corporaciongpf.com/memoria-sostenibilidad/?s={search_term_string}"},"query-input":{"@type":"PropertyValueSpecification","valueRequired":true,"valueName":"search_term_string"}}],"inLanguage":"es"}]}</script>
<!-- / Yoast SEO plugin. -->

Nuestra Gente - Extracto Memoria Sostenibilidad | Corporación GPF

NUESTRA GENTE Corporación GPF es un lugar atractivo para trabajar y crecer, donde el capital humano es considerado el activo más importante. Para la empresa, el desarrollo de talento involucra generar oportunidades con el propósito de que los colaboradores puedan avanzar dentro de la compañía, cumplir sus metas, objetivos personales y organizacionales, a través de...

Extracto Memoria Sostenibilidad | Corporación GPF

Este es un extracto de la sexta Memoria de Sostenibilidad consecutiva publicada por la compañía
